CRAN Package Check Results for Package riskyr

Last updated on 2020-03-29 00:47:32 CET.

Flavor Version Tinstall Tcheck Ttotal Status Flags
r-devel-linux-x86_64-debian-clang 0.2.0 OK
r-devel-linux-x86_64-debian-gcc 0.2.0 10.24 67.48 77.72 OK
r-devel-linux-x86_64-fedora-clang 0.2.0 117.51 OK
r-devel-linux-x86_64-fedora-gcc 0.2.0 120.49 OK
r-devel-windows-ix86+x86_64 0.2.0 24.00 99.00 123.00 OK
r-devel-windows-ix86+x86_64-gcc8 0.2.0 19.00 106.00 125.00 OK
r-patched-linux-x86_64 0.2.0 12.03 85.77 97.80 OK
r-patched-solaris-x86 0.2.0 144.90 NOTE
r-release-linux-x86_64 0.2.0 10.18 80.62 90.80 OK
r-release-windows-ix86+x86_64 0.2.0 28.00 131.00 159.00 OK
r-release-osx-x86_64 0.2.0 OK
r-oldrel-windows-ix86+x86_64 0.2.0 23.00 114.00 137.00 OK
r-oldrel-osx-x86_64 0.2.0 OK

Check Details

Version: 0.2.0
Check: installed package size
Result: NOTE
     installed size is 5.1Mb
     sub-directories of 1Mb or more:
     doc 3.3Mb
Flavor: r-patched-solaris-x86