CRAN Package Check Results for Package riverdist

Last updated on 2019-10-15 01:50:30 CEST.

Flavor Version Tinstall Tcheck Ttotal Status Flags
r-devel-linux-x86_64-debian-clang 0.15.0 11.73 126.28 138.01 OK
r-devel-linux-x86_64-debian-gcc 0.15.0 11.45 93.81 105.26 OK
r-devel-linux-x86_64-fedora-clang 0.15.0 172.03 OK
r-devel-linux-x86_64-fedora-gcc 0.15.0 167.08 OK
r-devel-windows-ix86+x86_64 0.15.0 18.00 176.00 194.00 OK
r-patched-linux-x86_64 0.15.0 11.66 119.19 130.85 OK
r-patched-solaris-x86 0.15.0 217.50 NOTE
r-release-linux-x86_64 0.15.0 11.74 122.26 134.00 OK
r-release-windows-ix86+x86_64 0.15.0 28.00 122.00 150.00 OK
r-release-osx-x86_64 0.15.0 OK
r-oldrel-windows-ix86+x86_64 0.15.0 15.00 124.00 139.00 OK
r-oldrel-osx-x86_64 0.15.0 OK

Check Details

Version: 0.15.0
Check: installed package size
Result: NOTE
     installed size is 5.3Mb
     sub-directories of 1Mb or more:
     data 3.6Mb
Flavor: r-patched-solaris-x86