CRAN Package Check Results for Package riverdist

Last updated on 2020-02-18 01:52:06 CET.

Flavor Version Tinstall Tcheck Ttotal Status Flags
r-devel-linux-x86_64-debian-clang 0.15.0 12.14 139.72 151.86 OK
r-devel-linux-x86_64-debian-gcc 0.15.0 11.00 103.16 114.16 OK
r-devel-linux-x86_64-fedora-clang 0.15.0 183.80 OK
r-devel-linux-x86_64-fedora-gcc 0.15.0 175.10 OK
r-devel-windows-ix86+x86_64 0.15.0 21.00 137.00 158.00 OK
r-devel-windows-ix86+x86_64-gcc8 0.15.0 31.00 143.00 174.00 OK
r-patched-linux-x86_64 0.15.0 10.76 122.41 133.17 OK
r-patched-solaris-x86 0.15.0 233.20 NOTE
r-release-linux-x86_64 0.15.0 10.87 124.24 135.11 OK
r-release-windows-ix86+x86_64 0.15.0 19.00 130.00 149.00 OK
r-release-osx-x86_64 0.15.0 OK
r-oldrel-windows-ix86+x86_64 0.15.0 16.00 168.00 184.00 OK
r-oldrel-osx-x86_64 0.15.0 OK

Check Details

Version: 0.15.0
Check: installed package size
Result: NOTE
     installed size is 5.3Mb
     sub-directories of 1Mb or more:
     data 3.6Mb
Flavor: r-patched-solaris-x86