CRAN Package Check Results for Package rjags

Last updated on 2020-01-18 00:55:10 CET.

Flavor Version Tinstall Tcheck Ttotal Status Flags
r-devel-linux-x86_64-debian-clang 4-10 10.01 27.19 37.20 OK
r-devel-linux-x86_64-debian-gcc 4-10 7.38 21.65 29.03 OK
r-devel-linux-x86_64-fedora-clang 4-10 47.83 OK
r-devel-linux-x86_64-fedora-gcc 4-10 44.71 OK
r-devel-windows-ix86+x86_64 4-10 32.00 79.00 111.00 OK
r-devel-windows-ix86+x86_64-gcc8 4-10 19.00 76.00 95.00 OK
r-patched-linux-x86_64 4-10 7.92 25.27 33.19 OK
r-patched-solaris-x86 4-10 63.80 OK
r-release-linux-x86_64 4-10 7.90 25.29 33.19 OK
r-release-windows-ix86+x86_64 4-10 37.00 52.00 89.00 OK
r-release-osx-x86_64 4-10 NOTE
r-oldrel-windows-ix86+x86_64 4-10 22.00 48.00 70.00 OK
r-oldrel-osx-x86_64 4-10 NOTE

Check Details

Version: 4-10
Check: dependencies in R code
Result: NOTE
    No protocol specified
    No protocol specified
Flavors: r-release-osx-x86_64, r-oldrel-osx-x86_64