Last updated on 2022-07-26 01:58:22 CEST.
Flavor | Version | Tinstall | Tcheck | Ttotal | Status | Flags |
---|---|---|---|---|---|---|
r-devel-linux-x86_64-debian-clang | 1.11.0 | 5.43 | 39.69 | 45.12 | OK | |
r-devel-linux-x86_64-debian-gcc | 1.11.0 | 3.55 | 30.32 | 33.87 | OK | |
r-devel-linux-x86_64-fedora-clang | 1.11.0 | 64.31 | NOTE | |||
r-devel-linux-x86_64-fedora-gcc | 1.11.0 | 62.48 | NOTE | |||
r-devel-windows-x86_64 | 1.11.0 | 21.00 | 75.00 | 96.00 | OK | |
r-patched-linux-x86_64 | 1.11.0 | 3.59 | 38.66 | 42.25 | OK | |
r-release-linux-x86_64 | 1.11.0 | 4.63 | 38.49 | 43.12 | OK | |
r-release-macos-arm64 | 1.11.0 | 23.00 | NOTE | |||
r-release-macos-x86_64 | 1.11.0 | 32.00 | NOTE | |||
r-release-windows-x86_64 | 1.11.0 | 34.00 | 71.00 | 105.00 | OK | |
r-oldrel-macos-arm64 | 1.11.0 | 24.00 | NOTE | |||
r-oldrel-macos-x86_64 | 1.11.0 | 31.00 | NOTE | |||
r-oldrel-windows-ix86+x86_64 | 1.11.0 | 14.00 | 74.00 | 88.00 | OK |
Version: 1.11.0
Check: dependencies in R code
Result: NOTE
Namespace in Imports field not imported from: ‘knitr’
All declared Imports should be used.
Flavors: r-devel-linux-x86_64-fedora-clang, r-devel-linux-x86_64-fedora-gcc, r-release-macos-arm64, r-release-macos-x86_64, r-oldrel-macos-arm64, r-oldrel-macos-x86_64