CRAN Package Check Results for Package rlang

Last updated on 2020-02-25 00:53:01 CET.

Flavor Version Tinstall Tcheck Ttotal Status Flags
r-devel-linux-x86_64-debian-clang 0.4.4 14.24 80.91 95.15 OK
r-devel-linux-x86_64-debian-gcc 0.4.4 9.66 66.90 76.56 OK
r-devel-linux-x86_64-fedora-clang 0.4.4 121.67 OK
r-devel-linux-x86_64-fedora-gcc 0.4.4 117.63 OK
r-devel-windows-ix86+x86_64 0.4.4 43.00 122.00 165.00 OK
r-devel-windows-ix86+x86_64-gcc8 0.4.4 35.00 170.00 205.00 OK
r-patched-linux-x86_64 0.4.4 11.72 78.54 90.26 OK
r-patched-solaris-x86 0.4.4 150.70 OK
r-release-linux-x86_64 0.4.4 11.90 80.44 92.34 OK
r-release-windows-ix86+x86_64 0.4.4 4.00 5.00 9.00 ERROR
r-release-osx-x86_64 0.4.4 OK
r-oldrel-windows-ix86+x86_64 0.4.4 44.00 113.00 157.00 OK
r-oldrel-osx-x86_64 0.4.4 OK

Check Details

Version: 0.4.4
Check: whether package can be installed
Result: ERROR
    Installation failed.
Flavor: r-release-windows-ix86+x86_64