CRAN Package Check Results for Package rlemon

Last updated on 2024-02-20 09:00:43 CET.

Flavor Version Tinstall Tcheck Ttotal Status Flags
r-devel-linux-x86_64-debian-clang 0.2.1 OK
r-devel-linux-x86_64-debian-gcc 0.2.1 99.11 34.41 133.52 OK
r-devel-linux-x86_64-fedora-clang 0.2.1 189.82 NOTE
r-devel-linux-x86_64-fedora-gcc 0.2.1 235.80 OK
r-devel-windows-x86_64 0.2.1 81.00 95.00 176.00 NOTE
r-patched-linux-x86_64 0.2.1 118.36 44.46 162.82 OK
r-release-linux-x86_64 0.2.1 112.67 43.98 156.65 OK
r-release-macos-arm64 0.2.1 63.00 NOTE
r-release-macos-x86_64 0.2.1 98.00 NOTE
r-release-windows-x86_64 0.2.1 75.00 102.00 177.00 NOTE
r-oldrel-macos-arm64 0.2.1 59.00 NOTE
r-oldrel-windows-x86_64 0.2.1 96.00 92.00 188.00 NOTE

Check Details

Version: 0.2.1
Check: installed package size
Result: NOTE installed size is 5.0Mb sub-directories of 1Mb or more: lemon 2.9Mb libs 1.9Mb Flavors: r-devel-linux-x86_64-fedora-clang, r-devel-windows-x86_64, r-release-macos-arm64, r-release-macos-x86_64, r-release-windows-x86_64, r-oldrel-macos-arm64, r-oldrel-windows-x86_64