Last updated on 2023-06-07 08:02:00 CEST.
Flavor | Version | Tinstall | Tcheck | Ttotal | Status | Flags |
---|---|---|---|---|---|---|
r-devel-linux-x86_64-debian-clang | 0.7-4.3 | 325.71 | 257.82 | 583.53 | NOTE | |
r-devel-linux-x86_64-debian-gcc | 0.7-4.3 | 273.53 | 191.96 | 465.49 | NOTE | |
r-devel-linux-x86_64-fedora-clang | 0.7-4.3 | 879.08 | NOTE | |||
r-devel-linux-x86_64-fedora-gcc | 0.7-4.3 | 884.56 | NOTE | |||
r-devel-windows-x86_64 | 0.7-4.3 | 296.00 | 246.00 | 542.00 | NOTE | |
r-patched-linux-x86_64 | 0.7-4.3 | 299.31 | 242.31 | 541.62 | NOTE | |
r-release-linux-x86_64 | 0.7-4.3 | 299.73 | 241.85 | 541.58 | NOTE | |
r-release-macos-arm64 | 0.7-4.3 | 161.00 | NOTE | |||
r-release-macos-x86_64 | 0.7-4.3 | 334.00 | NOTE | |||
r-release-windows-x86_64 | 0.7-4.3 | 373.00 | 309.00 | 682.00 | NOTE | |
r-oldrel-macos-arm64 | 0.7-4.3 | 159.00 | NOTE | |||
r-oldrel-macos-x86_64 | 0.7-4.3 | 57.00 | ERROR | |||
r-oldrel-windows-x86_64 | 0.7-4.3 | 355.00 | 291.00 | 646.00 | NOTE |
Version: 0.7-4.3
Check: for GNU extensions in Makefiles
Result: NOTE
GNU make is a SystemRequirements.
Flavors: r-devel-linux-x86_64-debian-clang, r-devel-linux-x86_64-debian-gcc, r-devel-linux-x86_64-fedora-clang, r-devel-linux-x86_64-fedora-gcc, r-devel-windows-x86_64, r-patched-linux-x86_64, r-release-linux-x86_64, r-release-macos-arm64, r-release-macos-x86_64, r-release-windows-x86_64, r-oldrel-macos-arm64, r-oldrel-windows-x86_64
Version: 0.7-4.3
Check: installed package size
Result: NOTE
installed size is 12.2Mb
sub-directories of 1Mb or more:
include 6.4Mb
lib 3.5Mb
libs 1.9Mb
Flavors: r-devel-linux-x86_64-fedora-clang, r-devel-windows-x86_64, r-release-macos-arm64, r-release-macos-x86_64, r-release-windows-x86_64, r-oldrel-macos-arm64, r-oldrel-windows-x86_64
Version: 0.7-4.3
Check: whether package can be installed
Result: ERROR
Installation failed.
Flavor: r-oldrel-macos-x86_64