CRAN Package Check Results for Package rliger

Last updated on 2024-07-19 08:55:06 CEST.

Flavor Version Tinstall Tcheck Ttotal Status Flags
r-devel-linux-x86_64-debian-clang 2.0.1 146.89 607.92 754.81 NOTE
r-devel-linux-x86_64-debian-gcc 2.0.1 94.62 437.78 532.40 NOTE
r-devel-linux-x86_64-fedora-clang 2.0.1 996.50 NOTE
r-devel-linux-x86_64-fedora-gcc 2.0.1 1033.77 NOTE
r-devel-windows-x86_64 2.0.1 112.00 618.00 730.00 NOTE
r-patched-linux-x86_64 2.0.1 116.95 576.67 693.62 NOTE
r-release-linux-x86_64 2.0.1 103.30 587.43 690.73 NOTE
r-release-macos-arm64 2.0.1 162.00 NOTE
r-release-macos-x86_64 2.0.1 302.00 NOTE
r-release-windows-x86_64 2.0.1 129.00 606.00 735.00 NOTE
r-oldrel-macos-arm64 2.0.1 170.00 NOTE
r-oldrel-macos-x86_64 2.0.1 448.00 NOTE
r-oldrel-windows-x86_64 2.0.1 158.00 799.00 957.00 NOTE

Additional issues

noSuggests

Check Details

Version: 2.0.1
Check: package dependencies
Result: NOTE Packages suggested but not available for checking: 'DoubletFinder', 'RcppPlanc' Flavors: r-devel-linux-x86_64-debian-clang, r-devel-linux-x86_64-debian-gcc, r-devel-linux-x86_64-fedora-clang, r-devel-linux-x86_64-fedora-gcc, r-devel-windows-x86_64, r-patched-linux-x86_64, r-release-linux-x86_64, r-release-macos-x86_64, r-release-windows-x86_64, r-oldrel-windows-x86_64

Version: 2.0.1
Check: Rd cross-references
Result: NOTE Undeclared package ‘viridisLite’ in Rd xrefs Flavor: r-devel-linux-x86_64-fedora-clang

Version: 2.0.1
Check: Rd cross-references
Result: NOTE Found the following Rd file(s) with Rd \link{} targets missing package anchors: liger-class.Rd: DFrame-class runOnlineINMF.Rd: dgCMatrix-class scaleNotCenter.Rd: dgCMatrix-class writeH5.Rd: dgCMatrix-class Please provide package anchors for all Rd \link{} targets not in the package itself and the base packages. Flavor: r-devel-windows-x86_64

Version: 2.0.1
Check: package dependencies
Result: NOTE Packages suggested but not available for checking: 'DoubletFinder', 'RcppPlanc', 'reactome.db' Flavor: r-release-macos-arm64

Version: 2.0.1
Check: installed package size
Result: NOTE installed size is 8.2Mb sub-directories of 1Mb or more: libs 5.3Mb Flavors: r-release-macos-arm64, r-release-macos-x86_64, r-oldrel-macos-arm64, r-oldrel-macos-x86_64

Version: 2.0.1
Check: package dependencies
Result: NOTE Packages suggested but not available for checking: 'DoubletFinder', 'EnhancedVolcano', 'RcppPlanc', 'reactome.db' Flavors: r-oldrel-macos-arm64, r-oldrel-macos-x86_64