CRAN Package Check Results for Package rmake

Last updated on 2023-01-28 01:50:20 CET.

Flavor Version Tinstall Tcheck Ttotal Status Flags
r-devel-linux-x86_64-debian-clang 1.1.0 4.98 50.53 55.51 NOTE
r-devel-linux-x86_64-debian-gcc 1.1.0 4.05 39.49 43.54 NOTE
r-devel-linux-x86_64-fedora-clang 1.1.0 70.78 NOTE
r-devel-linux-x86_64-fedora-gcc 1.1.0 74.84 NOTE
r-patched-linux-x86_64 1.1.0 5.88 49.63 55.51 NOTE
r-release-linux-x86_64 1.1.0 3.43 50.09 53.52 NOTE
r-release-macos-arm64 1.1.0 30.00 NOTE
r-release-macos-x86_64 1.1.0 43.00 NOTE
r-release-windows-x86_64 1.1.0 22.00 92.00 114.00 NOTE
r-oldrel-macos-arm64 1.1.0 39.00 NOTE
r-oldrel-macos-x86_64 1.1.0 50.00 NOTE
r-oldrel-windows-ix86+x86_64 1.1.0 14.00 84.00 98.00 NOTE

Check Details

Version: 1.1.0
Check: LazyData
Result: NOTE
     'LazyData' is specified without a 'data' directory
Flavors: r-devel-linux-x86_64-debian-clang, r-devel-linux-x86_64-debian-gcc, r-devel-linux-x86_64-fedora-clang, r-devel-linux-x86_64-fedora-gcc, r-patched-linux-x86_64, r-release-linux-x86_64, r-release-macos-arm64, r-release-macos-x86_64, r-release-windows-x86_64, r-oldrel-macos-arm64, r-oldrel-macos-x86_64, r-oldrel-windows-ix86+x86_64