CRAN Package Check Results for Package rmapzen

Last updated on 2020-08-13 01:55:19 CEST.

Flavor Version Tinstall Tcheck Ttotal Status Flags
r-devel-linux-x86_64-debian-clang 0.4.2 0.50 2.60 3.10 ERROR
r-devel-linux-x86_64-debian-gcc 0.4.2 3.87 76.44 80.31 OK
r-devel-linux-x86_64-fedora-clang 0.4.2 135.34 NOTE
r-devel-linux-x86_64-fedora-gcc 0.4.2 124.98 NOTE
r-devel-windows-ix86+x86_64 0.4.2 12.00 142.00 154.00 OK
r-patched-linux-x86_64 0.4.2 4.60 103.39 107.99 OK
r-patched-solaris-x86 0.4.2 153.70 NOTE
r-release-linux-x86_64 0.4.2 0.45 2.61 3.06 ERROR
r-release-macos-x86_64 0.4.2 NOTE
r-release-windows-ix86+x86_64 0.4.2 20.00 145.00 165.00 OK
r-oldrel-macos-x86_64 0.4.2 NOTE
r-oldrel-windows-ix86+x86_64 0.4.2 9.00 92.00 101.00 OK

Check Details

Version: 0.4.2
Check: package dependencies
Result: ERROR
    Package required but not available: 'tidyr'
    
    See section 'The DESCRIPTION file' in the 'Writing R Extensions'
    manual.
Flavors: r-devel-linux-x86_64-debian-clang, r-release-linux-x86_64

Version: 0.4.2
Check: data for non-ASCII characters
Result: NOTE
     Note: found 31 marked UTF-8 strings
Flavors: r-devel-linux-x86_64-fedora-clang, r-devel-linux-x86_64-fedora-gcc, r-patched-solaris-x86, r-release-macos-x86_64, r-oldrel-macos-x86_64

Version: 0.4.2
Check: dependencies in R code
Result: NOTE
    Missing or unexported object: ‘tidyr::one_of’
Flavor: r-oldrel-macos-x86_64