CRAN Package Check Results for Package rmarkdown

Last updated on 2020-02-19 01:49:44 CET.

Flavor Version Tinstall Tcheck Ttotal Status Flags
r-devel-linux-x86_64-debian-clang 2.1 11.50 66.54 78.04 OK
r-devel-linux-x86_64-debian-gcc 2.1 7.21 51.39 58.60 OK
r-devel-linux-x86_64-fedora-clang 2.1 93.05 NOTE
r-devel-linux-x86_64-fedora-gcc 2.1 89.97 OK
r-devel-windows-ix86+x86_64 2.1 22.00 73.00 95.00 NOTE
r-devel-windows-ix86+x86_64-gcc8 2.1 29.00 73.00 102.00 NOTE
r-patched-linux-x86_64 2.1 7.75 58.73 66.48 OK
r-patched-solaris-x86 2.1 121.30 NOTE
r-release-linux-x86_64 2.1 8.60 59.33 67.93 OK
r-release-windows-ix86+x86_64 2.1 21.00 73.00 94.00 NOTE
r-release-osx-x86_64 2.1 NOTE
r-oldrel-windows-ix86+x86_64 2.1 17.00 67.00 84.00 NOTE
r-oldrel-osx-x86_64 2.1 NOTE

Check Details

Version: 2.1
Check: installed package size
Result: NOTE
     installed size is 9.3Mb
     sub-directories of 1Mb or more:
     rmd 8.3Mb
Flavors: r-devel-linux-x86_64-fedora-clang, r-devel-windows-ix86+x86_64, r-devel-windows-ix86+x86_64-gcc8, r-patched-solaris-x86, r-release-windows-ix86+x86_64, r-release-osx-x86_64, r-oldrel-windows-ix86+x86_64, r-oldrel-osx-x86_64