Last updated on 2023-01-30 01:53:43 CET.
Flavor | Version | Tinstall | Tcheck | Ttotal | Status | Flags |
---|---|---|---|---|---|---|
r-devel-linux-x86_64-debian-clang | 1.2.4 | 385.93 | 228.01 | 613.94 | NOTE | |
r-devel-linux-x86_64-debian-gcc | 1.2.4 | 318.24 | 191.59 | 509.83 | NOTE | |
r-devel-linux-x86_64-fedora-clang | 1.2.4 | 764.25 | NOTE | |||
r-devel-linux-x86_64-fedora-gcc | 1.2.4 | 897.55 | NOTE | |||
r-devel-windows-x86_64 | 1.2.4 | 264.00 | 312.00 | 576.00 | NOTE | |
r-patched-linux-x86_64 | 1.2.4 | 266.49 | 251.25 | 517.74 | NOTE | |
r-release-linux-x86_64 | 1.2.4 | 256.45 | 248.69 | 505.14 | NOTE | |
r-release-macos-arm64 | 1.2.4 | 195.00 | NOTE | |||
r-release-macos-x86_64 | 1.2.4 | 339.00 | NOTE | |||
r-release-windows-x86_64 | 1.2.4 | 350.00 | 324.00 | 674.00 | NOTE | |
r-oldrel-macos-arm64 | 1.2.4 | 185.00 | NOTE | |||
r-oldrel-macos-x86_64 | 1.2.4 | 250.00 | NOTE | |||
r-oldrel-windows-ix86+x86_64 | 1.2.4 | 798.00 | 472.00 | 1270.00 | NOTE |
Version: 1.2.4
Check: for GNU extensions in Makefiles
Result: NOTE
GNU make is a SystemRequirements.
Flavors: r-devel-linux-x86_64-debian-clang, r-devel-linux-x86_64-debian-gcc, r-devel-linux-x86_64-fedora-clang, r-devel-linux-x86_64-fedora-gcc, r-devel-windows-x86_64, r-patched-linux-x86_64, r-release-linux-x86_64, r-release-macos-arm64, r-release-macos-x86_64, r-release-windows-x86_64, r-oldrel-macos-arm64, r-oldrel-macos-x86_64, r-oldrel-windows-ix86+x86_64
Version: 1.2.4
Check: C++ specification
Result: NOTE
Specified C++14: please update to current default of C++17
Flavors: r-devel-linux-x86_64-debian-gcc, r-devel-linux-x86_64-fedora-clang, r-devel-linux-x86_64-fedora-gcc, r-devel-windows-x86_64
Version: 1.2.4
Check: installed package size
Result: NOTE
installed size is 5.0Mb
sub-directories of 1Mb or more:
libs 4.3Mb
Flavors: r-devel-linux-x86_64-fedora-clang, r-release-macos-arm64, r-release-macos-x86_64, r-oldrel-macos-arm64, r-oldrel-macos-x86_64, r-oldrel-windows-ix86+x86_64
Version: 1.2.4
Check: dependencies in R code
Result: NOTE
Namespace in Imports field not imported from: ‘RcppParallel’
All declared Imports should be used.
Flavors: r-devel-linux-x86_64-fedora-clang, r-devel-linux-x86_64-fedora-gcc, r-release-macos-arm64, r-release-macos-x86_64, r-oldrel-macos-arm64, r-oldrel-macos-x86_64