CRAN Package Check Results for Package rmdfiltr

Last updated on 2023-11-28 07:53:15 CET.

Flavor Version Tinstall Tcheck Ttotal Status Flags
r-devel-linux-x86_64-debian-clang 0.1.3 1.84 31.04 32.88 NOTE
r-devel-linux-x86_64-debian-gcc 0.1.3 1.60 24.34 25.94 NOTE
r-devel-linux-x86_64-fedora-clang 0.1.3 43.57 NOTE
r-devel-linux-x86_64-fedora-gcc 0.1.3 51.67 NOTE
r-devel-windows-x86_64 0.1.3 3.00 49.00 52.00 NOTE
r-patched-linux-x86_64 0.1.3 2.17 30.71 32.88 NOTE
r-release-linux-x86_64 0.1.3 1.78 30.93 32.71 NOTE
r-release-macos-arm64 0.1.3 25.00 NOTE
r-release-macos-x86_64 0.1.3 36.00 NOTE
r-release-windows-x86_64 0.1.3 4.00 49.00 53.00 NOTE
r-oldrel-macos-arm64 0.1.3 18.00 NOTE
r-oldrel-macos-x86_64 0.1.3 27.00 NOTE
r-oldrel-windows-x86_64 0.1.3 4.00 53.00 57.00 NOTE

Check Details

Version: 0.1.3
Check: LazyData
Result: NOTE 'LazyData' is specified without a 'data' directory Flavors: r-devel-linux-x86_64-debian-clang, r-devel-linux-x86_64-debian-gcc, r-devel-linux-x86_64-fedora-clang, r-devel-linux-x86_64-fedora-gcc, r-devel-windows-x86_64, r-patched-linux-x86_64, r-release-linux-x86_64, r-release-macos-arm64, r-release-macos-x86_64, r-release-windows-x86_64, r-oldrel-macos-arm64, r-oldrel-macos-x86_64, r-oldrel-windows-x86_64