CRAN Package Check Results for Package rmdpartials

Last updated on 2024-04-22 07:51:00 CEST.

Flavor Version Tinstall Tcheck Ttotal Status Flags
r-devel-linux-x86_64-debian-clang 0.5.8 1.44 39.07 40.51 NOTE
r-devel-linux-x86_64-debian-gcc 0.5.8 1.89 30.24 32.13 NOTE
r-devel-linux-x86_64-fedora-clang 0.5.8 55.36 NOTE
r-devel-linux-x86_64-fedora-gcc 0.5.8 65.50 NOTE
r-prerel-macos-arm64 0.5.8 24.00 NOTE
r-prerel-windows-x86_64 0.5.8 3.00 50.00 53.00 NOTE
r-patched-linux-x86_64 0.5.8 2.20 37.99 40.19 NOTE
r-release-linux-x86_64 0.5.8 2.37 35.41 37.78 NOTE
r-release-macos-arm64 0.5.8 30.00 NOTE
r-release-macos-x86_64 0.5.8 34.00 NOTE
r-release-windows-x86_64 0.5.8 3.00 49.00 52.00 NOTE
r-oldrel-macos-arm64 0.5.8 19.00 NOTE
r-oldrel-windows-x86_64 0.5.8 4.00 53.00 57.00 NOTE

Check Details

Version: 0.5.8
Check: package subdirectories
Result: NOTE Problems with news in ‘NEWS.md’: No news entries found. Flavors: r-devel-linux-x86_64-debian-clang, r-devel-linux-x86_64-debian-gcc, r-devel-linux-x86_64-fedora-clang, r-devel-linux-x86_64-fedora-gcc, r-prerel-macos-arm64, r-prerel-windows-x86_64, r-patched-linux-x86_64, r-release-linux-x86_64, r-release-macos-arm64, r-release-macos-x86_64, r-release-windows-x86_64

Version: 0.5.8
Check: LazyData
Result: NOTE 'LazyData' is specified without a 'data' directory Flavors: r-devel-linux-x86_64-debian-clang, r-devel-linux-x86_64-debian-gcc, r-devel-linux-x86_64-fedora-clang, r-devel-linux-x86_64-fedora-gcc, r-prerel-macos-arm64, r-prerel-windows-x86_64, r-patched-linux-x86_64, r-release-linux-x86_64, r-release-macos-arm64, r-release-macos-x86_64, r-release-windows-x86_64, r-oldrel-macos-arm64, r-oldrel-windows-x86_64