Last updated on 2023-12-05 07:48:44 CET.
Flavor | Version | Tinstall | Tcheck | Ttotal | Status | Flags |
---|---|---|---|---|---|---|
r-devel-linux-x86_64-debian-clang | 0.1.1 | 153.81 | 37.53 | 191.34 | NOTE | |
r-devel-linux-x86_64-debian-gcc | 0.1.1 | 98.62 | 28.94 | 127.56 | NOTE | |
r-devel-linux-x86_64-fedora-clang | 0.1.1 | 301.18 | NOTE | |||
r-devel-linux-x86_64-fedora-gcc | 0.1.1 | 290.58 | NOTE | |||
r-devel-windows-x86_64 | 0.1.1 | 57.00 | 71.00 | 128.00 | NOTE | |
r-patched-linux-x86_64 | 0.1.1 | 113.93 | 37.16 | 151.09 | NOTE | |
r-release-linux-x86_64 | 0.1.1 | 118.72 | 37.54 | 156.26 | NOTE | |
r-release-macos-arm64 | 0.1.1 | 52.00 | NOTE | |||
r-release-macos-x86_64 | 0.1.1 | 91.00 | NOTE | |||
r-release-windows-x86_64 | 0.1.1 | 75.00 | 80.00 | 155.00 | NOTE | |
r-oldrel-macos-arm64 | 0.1.1 | 57.00 | NOTE | |||
r-oldrel-macos-x86_64 | 0.1.1 | 72.00 | NOTE | |||
r-oldrel-windows-x86_64 | 0.1.1 | 71.00 | 76.00 | 147.00 | NOTE |
Version: 0.1.1
Check: LazyData
Result: NOTE
'LazyData' is specified without a 'data' directory
Flavors: r-devel-linux-x86_64-debian-clang, r-devel-linux-x86_64-debian-gcc, r-devel-linux-x86_64-fedora-clang, r-devel-linux-x86_64-fedora-gcc, r-devel-windows-x86_64, r-patched-linux-x86_64, r-release-linux-x86_64, r-release-macos-arm64, r-release-macos-x86_64, r-release-windows-x86_64, r-oldrel-macos-arm64, r-oldrel-macos-x86_64, r-oldrel-windows-x86_64
Version: 0.1.1
Check: C++ specification
Result: NOTE
Specified C++11: please drop specification unless essential
Flavors: r-devel-windows-x86_64, r-release-windows-x86_64