CRAN Package Check Results for Package rmsb

Last updated on 2021-06-22 01:49:30 CEST.

Flavor Version Tinstall Tcheck Ttotal Status Flags
r-devel-linux-x86_64-debian-clang 0.0.2 375.79 172.75 548.54 NOTE
r-devel-linux-x86_64-debian-gcc 0.0.2 311.79 141.00 452.79 NOTE
r-devel-linux-x86_64-fedora-clang 0.0.2 736.63 NOTE
r-devel-linux-x86_64-fedora-gcc 0.0.2 770.62 NOTE
r-devel-windows-x86_64 0.0.2 403.00 212.00 615.00 NOTE
r-devel-windows-x86_64-gcc10-UCRT 0.0.2 ERROR
r-patched-linux-x86_64 0.0.2 357.24 183.27 540.51 NOTE
r-patched-solaris-x86 0.0.2 750.10 NOTE
r-release-linux-x86_64 0.0.2 340.97 177.46 518.43 NOTE
r-release-macos-arm64 0.0.2 NOTE
r-release-macos-x86_64 0.0.2 NOTE
r-release-windows-ix86+x86_64 0.0.2 806.00 319.00 1125.00 NOTE
r-oldrel-macos-x86_64 0.0.2 NOTE

Check Details

Version: 0.0.2
Check: LazyData
Result: NOTE
     'LazyData' is specified without a 'data' directory
Flavors: r-devel-linux-x86_64-debian-clang, r-devel-linux-x86_64-debian-gcc, r-devel-linux-x86_64-fedora-clang, r-devel-linux-x86_64-fedora-gcc, r-devel-windows-x86_64, r-patched-linux-x86_64, r-patched-solaris-x86, r-release-linux-x86_64, r-release-macos-arm64, r-release-macos-x86_64, r-release-windows-ix86+x86_64

Version: 0.0.2
Check: for GNU extensions in Makefiles
Result: NOTE
    GNU make is a SystemRequirements.
Flavors: r-devel-linux-x86_64-debian-clang, r-devel-linux-x86_64-debian-gcc, r-devel-linux-x86_64-fedora-clang, r-devel-linux-x86_64-fedora-gcc, r-devel-windows-x86_64, r-patched-linux-x86_64, r-patched-solaris-x86, r-release-linux-x86_64, r-release-macos-arm64, r-release-macos-x86_64, r-release-windows-ix86+x86_64, r-oldrel-macos-x86_64

Version: 0.0.2
Check: installed package size
Result: NOTE
     installed size is 55.0Mb
     sub-directories of 1Mb or more:
     libs 54.5Mb
Flavors: r-devel-linux-x86_64-fedora-clang, r-release-macos-arm64, r-release-macos-x86_64, r-release-windows-ix86+x86_64, r-oldrel-macos-x86_64

Version: 0.0.2
Check: dependencies in R code
Result: NOTE
    Namespaces in Imports field not imported from:
     ‘RcppParallel’ ‘rstantools’
     All declared Imports should be used.
Flavors: r-devel-linux-x86_64-fedora-clang, r-devel-linux-x86_64-fedora-gcc, r-patched-solaris-x86, r-release-macos-arm64, r-release-macos-x86_64, r-oldrel-macos-x86_64

Version: 0.0.2
Check: Rd cross-references
Result: NOTE
    Undeclared package ‘coda’ in Rd xrefs
Flavor: r-devel-linux-x86_64-fedora-clang

Version: 0.0.2
Check: package dependencies
Result: ERROR
    Package required but not available: 'rstan'
    
    See section 'The DESCRIPTION file' in the 'Writing R Extensions'
    manual.
Flavor: r-devel-windows-x86_64-gcc10-UCRT

Version: 0.0.2
Check: Rd \usage sections
Result: NOTE
    
     *** caught segfault ***
    address 0x108912ffc, cause 'memory not mapped'
    *** recursive gc invocation
    *** recursive gc invocation
    *** recursive gc invocation
    *** recursive gc invocation
    *** recursive gc invocation
    *** recursive gc invocation
    *** recursive gc invocation
    *** recursive gc invocation
    *** recursive gc invocation
    *** recursive gc invocation
    *** recursive gc invocation
    *** recursive gc invocation
    *** recursive gc invocation
    *** recursive gc invocation
    *** recursive gc invocation
    *** recursive gc invocation
    *** recursive gc invocation
    *** recursive gc invocation
    *** recursive gc invocation
    *** recursive gc invocation
    *** recursive gc invocation
    *** recursive gc invocation
    *** recursive gc invocation
    *** recursive gc invocation
    *** recursive gc invocation
    *** recursive gc invocation
    *** recursive gc invocation
    *** recursive gc invocation
    *** recursive gc invocation
    *** recursive gc invocation
    *** recursive gc invocation
    *** recursive gc invocation
    *** recursive gc invocation
    *** recursive gc invocation
    *** recursive gc invocation
    *** recursive gc invocation
    *** recursive gc invocation
    *** recursive gc invocation
    *** recursive gc invocation
    *** recursive gc invocation
    *** recursive gc invocation
    *** recursive gc invocation
    *** recursive gc invocation
    *** recursive gc invocation
    *** recursive gc invocation
    *** recursive gc invocation
    *** recursive gc invocation
    *** recursive gc invocation
    *** recursive gc invocation
    *** recursive gc invocation
    *** recursive gc invocation
    *** recursive gc invocation
    *** recursive gc invocation
    *** recursive gc invocation
    *** recursive gc invocation
    *** recursive gc invocation
    *** recursive gc invocation
    *** recursive gc invocation
    *** recursive gc invocation
    *** recursive gc invocation
    *** recursive gc invocation
    *** recursive gc invocation
    *** recursive gc invocation
    *** recursive gc invocation
    *** recursive gc invocation
    *** recursive gc invocation
    *** recursive gc invocation
    *** recursive gc invocation
    *** recursive gc invocation
    *** recursive gc invocation
    *** recursive gc invocation
    *** recursive gc invocation
    *** recursive gc invocation
    *** recursive gc invocation
    *** recursive gc invocation
    *** recursive gc invocation
    *** recursive gc invocation
    *** recursive gc invocation
    *** recursive gc invocation
    *** recursive gc invocation
    *** recursive gc invocation
    *** recursive gc invocation
    *** recursive gc invocation
    *** recursive gc invocation
    *** recursive gc invocation
    *** recursive gc invocation
    *** recursive gc invocation
    *** recursive gc invocation
    *** recursive gc invocation
    *** recursive gc invocation
    *** recursive gc invocation
    *** recursive gc invocation
    *** recursive gc invocation
    *** recursive gc invocation
    *** recursive gc invocation
    *** recursive gc invocation
    *** recursive gc invocation
    *** recursive gc invocation
    *** recursive gc invocation
    *** recursive gc invocation
    *** recursive gc invocation
    *** recursive gc invocation
    *** recursive gc invocation
    *** recursive gc invocation
    *** recursive gc invocation
    *** recursive gc invocation
    *** recursive gc invocation
    *** recursive gc invocation
    *** recursive gc invocation
    *** recursive gc invocation
    *** recursive gc invocation
    *** recursive gc invocation
    *** recursive gc invocation
    *** recursive gc invocation
    *** recursive gc invocation
    *** recursive gc invocation
    *** recursive gc invocation
    *** recursive gc invocation
    *** recursive gc invocation
    *** recursive gc invocation
    *** recursive gc invocation
    *** recursive gc invocation
    *** recursive gc invocation
    *** recursive gc invocation
    *** recursive gc invocation
    *** recursive gc invocation
    *** recursive gc invocation
    *** recursive gc invocation
    *** recursive gc invocation
    *** recursive gc invocation
    *** recursive gc invocation
    *** recursive gc invocation
    *** recursive gc invocation
    *** recursive gc invocation
    *** recursive gc invocation
    *** recursive gc invocation
    *** recursive gc invocation
    *** recursive gc invocation
    *** recursive gc invocation
    *** recursive gc invocation
    *** recursive gc invocation
    *** recursive gc invocation
    *** recursive gc invocation
    *** recursive gc invocation
    *** recursive gc invocation
    *** recursive gc invocation
    *** recursive gc invocation
    *** recursive gc invocation
    *** recursive gc invocation
    *** recursive gc invocation
    *** recursive gc invocation
    *** recursive gc invocation
    *** recursive gc invocation
    *** recursive gc invocation
    *** recursive gc invocation
    *** recursive gc invocation
    *** recursive gc invocation
    *** recursive gc invocation
    *** recursive gc invocation
    *** recursive gc invocation
    *** recursive gc invocation
    *** recursive gc invocation
    *** recursive gc invocation
    *** recursive gc invocation
    *** recursive gc invocation
    *** recursive gc invocation
    *** recursive gc invocation
    *** recursive gc invocation
    *** recursive gc invocation
    *** recursive gc invocation
    *** recursive gc invocation
    *** recursive gc invocation
    *** recursive gc invocation
    *** recursive gc invocation
    *** recursive gc invocation
    *** recursive gc invocation
    *** recursive gc invocation
    *** recursive gc invocation
    *** recursive gc invocation
    *** recursive gc invocation
    *** recursive gc invocation
    *** recursive gc invocation
    *** recursive gc invocation
    *** recursive gc invocation
    *** recursive gc invocation
    *** recursive gc invocation
    *** recursive gc invocation
    *** recursive gc invocation
    *** recursive gc invocation
    *** recursive gc invocation
    *** recursive gc invocation
    *** recursive gc invocation
    *** recursive gc invocation
    *** recursive gc invocation
    *** recursive gc invocation
    *** recursive gc invocation
    *** recursive gc invocation
    *** recursive gc invocation
    *** recursive gc invocation
    *** recursive gc invocation
    *** recursive gc invocation
    *** recursive gc invocation
    *** recursive gc invocation
    *** recursive gc invocation
    *** recursive gc invocation
    *** recursive gc invocation
    *** recursive gc invocation
    *** recursive gc invocation
    *** recursive gc invocation
    *** recursive gc invocation
    
    Traceback:
     1: isUME(ee)
     2: isUMEbrace(e)
     3: isUME(body(f))
     4: .is_S3_generic(f, envir = env)
     5: FUN(X[[i]], ...)
     6: lapply(x, f)
     7: unlist(lapply(x, f))
     8: Filter(function(f) .is_S3_generic(f, envir = env), nms)
     9: FUN(X[[i]], ...)
    10: lapply(env_list, .get_S3_generics_in_env)
    11: unlist(lapply(env_list, .get_S3_generics_in_env))
    12: unique(c(.get_internal_S3_generics(primitive), unlist(lapply(env_list, .get_S3_generics_in_env))))
    13: withCallingHandlers(expr, warning = function(w) if (inherits(w, classes)) tryInvokeRestart("muffleWarning"))
    14: suppressWarnings(unique(c(.get_internal_S3_generics(primitive), unlist(lapply(env_list, .get_S3_generics_in_env)))))
    15: .get_S3_generics_as_seen_from_package(dir, !missing(package), TRUE)
    16: unique(c(Filter(function(f) .is_S3_generic(f, envir = code_env), functions_in_code), .get_S3_generics_as_seen_from_package(dir, !missing(package), TRUE), .get_S3_group_generics()))
    17: tools::checkDocStyle(package = "rmsb")
    An irrecoverable exception occurred. R is aborting now ...
    The \usage entries for S3 methods should use the \method markup and not
    their full name.
    See chapter ‘Writing R documentation files’ in the ‘Writing R
    Extensions’ manual.
Flavor: r-release-macos-x86_64