CRAN Package Check Results for Package rmumps

Last updated on 2025-06-22 09:49:47 CEST.

Flavor Version Tinstall Tcheck Ttotal Status Flags
r-devel-linux-x86_64-debian-clang 5.2.1-35 283.97 46.11 330.08 OK
r-devel-linux-x86_64-debian-gcc 5.2.1-35 150.12 35.97 186.09 OK
r-devel-linux-x86_64-fedora-clang 5.2.1-35 509.01 OK
r-devel-linux-x86_64-fedora-gcc 5.2.1-35 471.15 OK
r-devel-windows-x86_64 5.2.1-35 302.00 93.00 395.00 OK
r-patched-linux-x86_64 5.2.1-35 210.19 44.71 254.90 OK
r-release-linux-x86_64 5.2.1-35 211.54 44.34 255.88 OK
r-release-macos-arm64 5.2.1-35 157.00 OK
r-release-macos-x86_64 5.2.1-35 165.00 OK
r-release-windows-x86_64 5.2.1-35 306.00 92.00 398.00 OK
r-oldrel-macos-arm64 5.2.1-35 148.00 NOTE
r-oldrel-macos-x86_64 5.2.1-35 151.00 NOTE
r-oldrel-windows-x86_64 5.2.1-35 275.00 122.00 397.00 NOTE

Check Details

Version: 5.2.1-35
Check: installed package size
Result: NOTE installed size is 12.0Mb sub-directories of 1Mb or more: libs 11.7Mb Flavors: r-oldrel-macos-arm64, r-oldrel-macos-x86_64

Version: 5.2.1-35
Check: for GNU extensions in Makefiles
Result: NOTE GNU make is a SystemRequirements. Flavors: r-oldrel-macos-arm64, r-oldrel-macos-x86_64, r-oldrel-windows-x86_64