Last updated on 2023-03-26 06:53:35 CEST.
Flavor | Version | Tinstall | Tcheck | Ttotal | Status | Flags |
---|---|---|---|---|---|---|
r-devel-linux-x86_64-debian-clang | 0.3.2 | 4.83 | 123.70 | 128.53 | NOTE | |
r-devel-linux-x86_64-debian-gcc | 0.3.2 | 4.77 | 94.26 | 99.03 | NOTE | |
r-devel-linux-x86_64-fedora-clang | 0.3.2 | 163.09 | NOTE | |||
r-devel-linux-x86_64-fedora-gcc | 0.3.2 | 162.20 | NOTE | |||
r-patched-linux-x86_64 | 0.3.2 | 4.69 | 118.20 | 122.89 | NOTE | |
r-release-linux-x86_64 | 0.3.2 | 5.98 | 119.55 | 125.53 | NOTE | |
r-release-macos-arm64 | 0.3.2 | 47.00 | NOTE | |||
r-release-macos-x86_64 | 0.3.2 | 64.00 | NOTE | |||
r-release-windows-x86_64 | 0.3.2 | 46.00 | 151.00 | 197.00 | NOTE | |
r-oldrel-macos-arm64 | 0.3.2 | 52.00 | NOTE | |||
r-oldrel-macos-x86_64 | 0.3.2 | 68.00 | NOTE | |||
r-oldrel-windows-ix86+x86_64 | 0.3.2 | 17.00 | 154.00 | 171.00 | NOTE |
Version: 0.3.2
Check: package dependencies
Result: NOTE
Package suggested but not available for checking: ‘rnaturalearthhires’
Flavors: r-devel-linux-x86_64-debian-clang, r-devel-linux-x86_64-debian-gcc, r-devel-linux-x86_64-fedora-clang, r-devel-linux-x86_64-fedora-gcc, r-patched-linux-x86_64, r-release-linux-x86_64, r-release-macos-arm64, r-release-macos-x86_64, r-release-windows-x86_64, r-oldrel-macos-arm64, r-oldrel-macos-x86_64, r-oldrel-windows-ix86+x86_64
Version: 0.3.2
Check: Rd cross-references
Result: NOTE
Undeclared package ‘raster’ in Rd xrefs
Flavor: r-devel-linux-x86_64-fedora-clang
Version: 0.3.2
Check: data for non-ASCII characters
Result: NOTE
Note: found 416 marked Latin-1 strings
Flavors: r-devel-linux-x86_64-fedora-clang, r-devel-linux-x86_64-fedora-gcc