CRAN Package Check Results for Package rnaturalearthdata

Last updated on 2021-03-03 01:48:55 CET.

Flavor Version Tinstall Tcheck Ttotal Status Flags
r-devel-linux-x86_64-debian-clang 0.1.0 OK
r-devel-linux-x86_64-debian-gcc 0.1.0 7.96 25.14 33.10 OK
r-devel-linux-x86_64-fedora-clang 0.1.0 58.97 NOTE
r-devel-linux-x86_64-fedora-gcc 0.1.0 49.50 NOTE
r-devel-windows-ix86+x86_64 0.1.0 14.00 49.00 63.00 OK
r-patched-linux-x86_64 0.1.0 8.82 31.05 39.87 OK
r-patched-solaris-x86 0.1.0 80.60 NOTE
r-release-linux-x86_64 0.1.0 8.30 31.33 39.63 OK
r-release-macos-x86_64 0.1.0 NOTE
r-release-windows-ix86+x86_64 0.1.0 11.00 44.00 55.00 OK
r-oldrel-macos-x86_64 0.1.0 NOTE
r-oldrel-windows-ix86+x86_64 0.1.0 13.00 47.00 60.00 OK

Check Details

Version: 0.1.0
Check: data for non-ASCII characters
Result: NOTE
     Note: found 133 marked Latin-1 strings
Flavors: r-devel-linux-x86_64-fedora-clang, r-devel-linux-x86_64-fedora-gcc, r-patched-solaris-x86, r-release-macos-x86_64, r-oldrel-macos-x86_64