CRAN Package Check Results for Package rncl

Last updated on 2020-07-14 02:07:08 CEST.

Flavor Version Tinstall Tcheck Ttotal Status Flags
r-devel-linux-x86_64-debian-clang 0.8.4 170.52 30.38 200.90 OK
r-devel-linux-x86_64-debian-gcc 0.8.4 164.91 23.95 188.86 OK
r-devel-linux-x86_64-fedora-clang 0.8.4 343.25 NOTE
r-devel-linux-x86_64-fedora-gcc 0.8.4 334.52 OK
r-devel-windows-ix86+x86_64 0.8.4 418.00 88.00 506.00 OK
r-patched-linux-x86_64 0.8.4 174.24 29.90 204.14 OK
r-patched-solaris-x86 0.8.4 245.00 OK
r-release-linux-x86_64 0.8.4 177.41 30.22 207.63 OK
r-release-macos-x86_64 0.8.4 ERROR
r-release-windows-ix86+x86_64 0.8.4 420.00 69.00 489.00 OK
r-oldrel-macos-x86_64 0.8.4 NOTE
r-oldrel-windows-ix86+x86_64 0.8.4 417.00 98.00 515.00 OK

Check Details

Version: 0.8.4
Check: installed package size
Result: NOTE
     installed size is 23.5Mb
     sub-directories of 1Mb or more:
     libs 23.3Mb
Flavors: r-devel-linux-x86_64-fedora-clang, r-oldrel-macos-x86_64

Version: 0.8.4
Check: whether package can be installed
Result: ERROR
    Installation failed.
Flavor: r-release-macos-x86_64