CRAN Package Check Results for Package rncl

Last updated on 2019-12-09 01:49:13 CET.

Flavor Version Tinstall Tcheck Ttotal Status Flags
r-devel-linux-x86_64-debian-clang 0.8.3 166.11 32.04 198.15 OK
r-devel-linux-x86_64-debian-gcc 0.8.3 145.48 25.09 170.57 WARN
r-devel-linux-x86_64-fedora-clang 0.8.3 322.70 NOTE
r-devel-linux-x86_64-fedora-gcc 0.8.3 313.33 WARN
r-devel-windows-ix86+x86_64 0.8.3 301.00 96.00 397.00 OK
r-devel-windows-ix86+x86_64-gcc8 0.8.3 332.00 104.00 436.00 WARN
r-patched-linux-x86_64 0.8.3 159.99 28.54 188.53 WARN
r-patched-solaris-x86 0.8.3 245.20 OK
r-release-linux-x86_64 0.8.3 159.56 29.48 189.04 WARN
r-release-windows-ix86+x86_64 0.8.3 306.00 73.00 379.00 OK
r-release-osx-x86_64 0.8.3 NOTE
r-oldrel-windows-ix86+x86_64 0.8.3 236.00 92.00 328.00 OK
r-oldrel-osx-x86_64 0.8.3 NOTE

Check Details

Version: 0.8.3
Check: whether package can be installed
Result: WARN
    Found the following significant warnings:
     nxsreader.cpp:659:22: warning: catching polymorphic type ‘class NxsException’ by value [-Wcatch-value=]
     nxsreader.cpp:709:25: warning: catching polymorphic type ‘class NxsException’ by value [-Wcatch-value=]
Flavors: r-devel-linux-x86_64-debian-gcc, r-devel-linux-x86_64-fedora-gcc, r-devel-windows-ix86+x86_64-gcc8, r-patched-linux-x86_64, r-release-linux-x86_64

Version: 0.8.3
Check: installed package size
Result: NOTE
     installed size is 21.3Mb
     sub-directories of 1Mb or more:
     libs 21.0Mb
Flavors: r-devel-linux-x86_64-fedora-clang, r-release-osx-x86_64, r-oldrel-osx-x86_64