Last updated on 2023-02-08 02:03:25 CET.
Flavor | Version | Tinstall | Tcheck | Ttotal | Status | Flags |
---|---|---|---|---|---|---|
r-devel-linux-x86_64-debian-clang | 0.3.0 | 27.58 | 258.03 | 285.61 | OK | |
r-devel-linux-x86_64-debian-gcc | 0.3.0 | 21.74 | 187.71 | 209.45 | OK | |
r-devel-linux-x86_64-fedora-clang | 0.3.0 | 348.81 | NOTE | |||
r-devel-linux-x86_64-fedora-gcc | 0.3.0 | 346.23 | OK | |||
r-devel-windows-x86_64 | 0.3.0 | 71.00 | 301.00 | 372.00 | OK | |
r-patched-linux-x86_64 | 0.3.0 | 26.61 | 237.01 | 263.62 | OK | |
r-release-linux-x86_64 | 0.3.0 | 25.56 | 237.30 | 262.86 | OK | |
r-release-macos-arm64 | 0.3.0 | 85.00 | OK | |||
r-release-macos-x86_64 | 0.3.0 | 118.00 | OK | |||
r-release-windows-x86_64 | 0.3.0 | 65.00 | 300.00 | 365.00 | OK | |
r-oldrel-macos-arm64 | 0.3.0 | 96.00 | OK | |||
r-oldrel-macos-x86_64 | 0.3.0 | 120.00 | OK | |||
r-oldrel-windows-ix86+x86_64 | 0.3.0 | 52.00 | 276.00 | 328.00 | OK |
Version: 0.3.0
Check: Rd cross-references
Result: NOTE
Undeclared package ‘metafor’ in Rd xrefs
Flavor: r-devel-linux-x86_64-fedora-clang