CRAN Package Check Results for Package roahd

Last updated on 2022-06-25 01:49:10 CEST.

Flavor Version Tinstall Tcheck Ttotal Status Flags
r-devel-linux-x86_64-debian-clang 1.4.3 12.71 212.55 225.26 OK
r-devel-linux-x86_64-debian-gcc 1.4.3 9.44 153.04 162.48 OK
r-devel-linux-x86_64-fedora-clang 1.4.3 268.44 NOTE
r-devel-linux-x86_64-fedora-gcc 1.4.3 271.08 OK
r-devel-windows-x86_64 1.4.3 73.00 236.00 309.00 NOTE
r-patched-linux-x86_64 1.4.3 8.68 195.97 204.65 OK
r-release-linux-x86_64 1.4.3 8.01 201.16 209.17 OK
r-release-macos-arm64 1.4.3 75.00 NOTE
r-release-macos-x86_64 1.4.3 134.00 NOTE
r-release-windows-x86_64 1.4.3 55.00 247.00 302.00 NOTE
r-oldrel-macos-arm64 1.4.3 81.00 NOTE
r-oldrel-macos-x86_64 1.4.3 103.00 NOTE
r-oldrel-windows-ix86+x86_64 1.4.3 24.00 249.00 273.00 NOTE

Check Details

Version: 1.4.3
Check: installed package size
Result: NOTE
     installed size is 5.2Mb
     sub-directories of 1Mb or more:
     data 2.9Mb
     doc 1.7Mb
Flavors: r-devel-linux-x86_64-fedora-clang, r-devel-windows-x86_64, r-release-macos-arm64, r-release-macos-x86_64, r-release-windows-x86_64, r-oldrel-macos-arm64, r-oldrel-macos-x86_64, r-oldrel-windows-ix86+x86_64