Last updated on 2023-09-27 08:02:44 CEST.
Flavor | Version | Tinstall | Tcheck | Ttotal | Status | Flags |
---|---|---|---|---|---|---|
r-devel-linux-x86_64-debian-clang | 2.4.1 | 127.43 | 349.56 | 476.99 | OK | |
r-devel-linux-x86_64-debian-gcc | 2.4.1 | 91.93 | 260.16 | 352.09 | OK | |
r-devel-linux-x86_64-fedora-clang | 2.4.1 | 636.01 | NOTE | |||
r-devel-linux-x86_64-fedora-gcc | 2.4.1 | 674.47 | NOTE | |||
r-devel-windows-x86_64 | 2.4.1 | 102.00 | 176.00 | 278.00 | OK | --no-examples --no-tests --no-vignettes |
r-patched-linux-x86_64 | 2.4.1 | 118.24 | 335.89 | 454.13 | OK | |
r-release-linux-x86_64 | 2.4.1 | 101.75 | 333.76 | 435.51 | OK | |
r-release-macos-arm64 | 2.4.1 | 175.00 | NOTE | |||
r-release-macos-x86_64 | 2.4.1 | 234.00 | NOTE | |||
r-release-windows-x86_64 | 2.4.1 | 135.00 | 187.00 | 322.00 | OK | --no-examples --no-tests --no-vignettes |
r-oldrel-macos-arm64 | 2.4.1 | 154.00 | NOTE | |||
r-oldrel-macos-x86_64 | 2.4.1 | 208.00 | NOTE | |||
r-oldrel-windows-x86_64 | 2.4.1 | 123.00 | 161.00 | 284.00 | OK | --no-examples --no-tests --no-vignettes |
Version: 2.4.1
Check: data for non-ASCII characters
Result: NOTE
Note: found 1 marked UTF-8 string
Flavors: r-devel-linux-x86_64-fedora-clang, r-devel-linux-x86_64-fedora-gcc
Version: 2.4.1
Check: installed package size
Result: NOTE
installed size is 18.1Mb
sub-directories of 1Mb or more:
data 1.4Mb
libs 15.4Mb
Flavors: r-release-macos-arm64, r-release-macos-x86_64, r-oldrel-macos-arm64, r-oldrel-macos-x86_64