CRAN Package Check Results for Package robets

Last updated on 2021-12-03 00:48:54 CET.

Flavor Version Tinstall Tcheck Ttotal Status Flags
r-devel-linux-x86_64-debian-clang 1.4 35.75 75.34 111.09 NOTE
r-devel-linux-x86_64-debian-gcc 1.4 26.07 56.28 82.35 NOTE
r-devel-linux-x86_64-fedora-clang 1.4 158.52 NOTE
r-devel-linux-x86_64-fedora-gcc 1.4 137.88 NOTE
r-devel-windows-x86_64-new-UL 1.4 57.00 132.00 189.00 NOTE
r-devel-windows-x86_64-new-TK 1.4 NOTE
r-devel-windows-x86_64-old 1.4 54.00 83.00 137.00 NOTE
r-patched-linux-x86_64 1.4 40.63 68.86 109.49 NOTE
r-patched-solaris-x86 1.4 174.90 NOTE
r-release-linux-x86_64 1.4 33.25 68.80 102.05 NOTE
r-release-macos-arm64 1.4 NOTE
r-release-macos-x86_64 1.4 NOTE
r-release-windows-ix86+x86_64 1.4 99.00 146.00 245.00 NOTE
r-oldrel-macos-x86_64 1.4 OK
r-oldrel-windows-ix86+x86_64 1.4 98.00 147.00 245.00 OK

Check Details

Version: 1.4
Check: LazyData
Result: NOTE
     'LazyData' is specified without a 'data' directory
Flavors: r-devel-linux-x86_64-debian-clang, r-devel-linux-x86_64-debian-gcc, r-devel-linux-x86_64-fedora-clang, r-devel-linux-x86_64-fedora-gcc, r-devel-windows-x86_64-new-UL, r-devel-windows-x86_64-new-TK, r-devel-windows-x86_64-old, r-patched-linux-x86_64, r-patched-solaris-x86, r-release-linux-x86_64, r-release-macos-arm64, r-release-macos-x86_64, r-release-windows-ix86+x86_64