CRAN Package Check Results for Package robets

Last updated on 2020-07-15 02:47:05 CEST.

Flavor Version Tinstall Tcheck Ttotal Status Flags
r-devel-linux-x86_64-debian-clang 1.4 39.55 65.86 105.41 OK
r-devel-linux-x86_64-debian-gcc 1.4 30.02 48.11 78.13 OK
r-devel-linux-x86_64-fedora-clang 1.4 143.88 OK
r-devel-linux-x86_64-fedora-gcc 1.4 134.40 OK
r-devel-windows-ix86+x86_64 1.4 113.00 116.00 229.00 OK
r-patched-linux-x86_64 1.4 30.57 61.53 92.10 OK
r-patched-solaris-x86 1.4 160.30 OK
r-release-linux-x86_64 1.4 31.83 62.69 94.52 OK
r-release-macos-x86_64 1.4 ERROR
r-release-windows-ix86+x86_64 1.4 123.00 117.00 240.00 OK
r-oldrel-macos-x86_64 1.4 OK
r-oldrel-windows-ix86+x86_64 1.4 109.00 145.00 254.00 OK

Check Details

Version: 1.4
Check: whether package can be installed
Result: ERROR
    Installation failed.
Flavor: r-release-macos-x86_64