CRAN Package Check Results for Package robotoolbox

Last updated on 2024-04-16 19:49:37 CEST.

Flavor Version Tinstall Tcheck Ttotal Status Flags
r-devel-linux-x86_64-debian-clang 1.3.2 8.65 130.71 139.36 OK
r-devel-linux-x86_64-debian-gcc 1.3.2 7.76 94.68 102.44 OK
r-devel-linux-x86_64-fedora-clang 1.3.2 174.36 NOTE
r-devel-linux-x86_64-fedora-gcc 1.3.2 187.06 NOTE
r-prerel-macos-arm64 1.3.2 62.00 OK
r-prerel-windows-x86_64 1.3.2 10.00 109.00 119.00 OK
r-patched-linux-x86_64 1.3.2 6.05 120.69 126.74 OK
r-release-linux-x86_64 1.3.2 7.87 123.14 131.01 OK
r-release-macos-arm64 1.3.2 61.00 OK
r-release-macos-x86_64 1.3.2 230.00 OK
r-release-windows-x86_64 1.3.2 12.00 133.00 145.00 OK
r-oldrel-macos-arm64 1.3.2 53.00 OK
r-oldrel-windows-x86_64 1.3.2 14.00 141.00 155.00 OK

Check Details

Version: 1.3.2
Check: data for non-ASCII characters
Result: NOTE Note: found 19 marked UTF-8 strings Flavors: r-devel-linux-x86_64-fedora-clang, r-devel-linux-x86_64-fedora-gcc