CRAN Package Check Results for Package robust

Last updated on 2020-08-12 01:47:12 CEST.

Flavor Version Tinstall Tcheck Ttotal Status Flags
r-devel-linux-x86_64-debian-clang 0.5-0.0 23.72 83.67 107.39 OK
r-devel-linux-x86_64-debian-gcc 0.5-0.0 20.31 63.82 84.13 OK
r-devel-linux-x86_64-fedora-clang 0.5-0.0 140.15 OK
r-devel-linux-x86_64-fedora-gcc 0.5-0.0 126.86 OK
r-devel-windows-ix86+x86_64 0.5-0.0 65.00 165.00 230.00 OK
r-patched-linux-x86_64 0.5-0.0 23.00 82.82 105.82 OK
r-patched-solaris-x86 0.5-0.0 170.70 ERROR
r-release-linux-x86_64 0.5-0.0 20.82 82.23 103.05 OK
r-release-macos-x86_64 0.5-0.0 OK
r-release-windows-ix86+x86_64 0.5-0.0 51.00 163.00 214.00 OK
r-oldrel-macos-x86_64 0.5-0.0 OK
r-oldrel-windows-ix86+x86_64 0.5-0.0 56.00 118.00 174.00 OK

Check Details

Version: 0.5-0.0
Check: examples
Result: ERROR
    Running examples in ‘robust-Ex.R’ failed
    The error most likely occurred in:
    
    > ### Name: overlaidDenPlot.fdfm
    > ### Title: Overlaid Density Plot
    > ### Aliases: overlaidDenPlot.fdfm
    > ### Keywords: hplot
    >
    > ### ** Examples
    >
    > data(los, package="robustbase")
    > los.fm <- fit.models(c(Robust = "fitdstnRob", MLE = "fitdstn"),
    + x = los, densfun = "gamma")
    
     *** caught segfault ***
    address 4, cause 'memory not mapped'
    
    Traceback:
     1: Tabgamma(b1, b2, alpha1, alpha2, k, A, maxta, maxtc, maxit, til, tol)
     2: gammaRob(x, ...)
     3: fitdstnRob(x = los, densfun = "gamma")
     4: eval(model.call, sys.parent())
     5: eval(model.call, sys.parent())
     6: fit.models(c(Robust = "fitdstnRob", MLE = "fitdstn"), x = los, densfun = "gamma")
    An irrecoverable exception occurred. R is aborting now ...
Flavor: r-patched-solaris-x86