CRAN Package Check Results for Package robustHD

Last updated on 2022-11-27 00:55:53 CET.

Flavor Version Tinstall Tcheck Ttotal Status Flags
r-devel-linux-x86_64-debian-clang 0.7.3 130.02 145.51 275.53 OK
r-devel-linux-x86_64-debian-gcc 0.7.3 102.48 106.90 209.38 OK
r-devel-linux-x86_64-fedora-clang 0.7.3 386.26 OK
r-devel-linux-x86_64-fedora-gcc 0.7.3 356.93 OK
r-devel-windows-x86_64 0.7.3 105.00 194.00 299.00 OK
r-patched-linux-x86_64 0.7.3 OK
r-release-linux-x86_64 0.7.3 111.12 137.12 248.24 OK
r-release-macos-arm64 0.7.3 79.00 NOTE
r-release-macos-x86_64 0.7.3 112.00 NOTE
r-release-windows-x86_64 0.7.3 127.00 187.00 314.00 OK
r-oldrel-macos-arm64 0.7.3 78.00 NOTE
r-oldrel-macos-x86_64 0.7.3 111.00 NOTE
r-oldrel-windows-ix86+x86_64 0.7.3 306.00 245.00 551.00 OK

Check Details

Version: 0.7.3
Check: installed package size
Result: NOTE
     installed size is 7.1Mb
     sub-directories of 1Mb or more:
     data 1.3Mb
     libs 5.2Mb
Flavors: r-release-macos-arm64, r-release-macos-x86_64, r-oldrel-macos-arm64, r-oldrel-macos-x86_64