CRAN Package Check Results for Package robustlmm

Last updated on 2021-09-21 01:50:32 CEST.

Flavor Version Tinstall Tcheck Ttotal Status Flags
r-devel-linux-x86_64-debian-clang 2.4-4 242.77 329.35 572.12 OK
r-devel-linux-x86_64-debian-gcc 2.4-4 178.95 246.12 425.07 OK
r-devel-linux-x86_64-fedora-clang 2.4-4 740.01 NOTE
r-devel-linux-x86_64-fedora-gcc 2.4-4 760.74 OK
r-devel-windows-x86_64 2.4-4 203.00 297.00 500.00 OK
r-devel-windows-x86_64-gcc10-UCRT 2.4-4 ERROR
r-patched-linux-x86_64 2.4-4 211.11 313.64 524.75 OK
r-patched-solaris-x86 2.4-4 717.60 OK
r-release-linux-x86_64 2.4-4 201.64 311.75 513.39 OK
r-release-macos-arm64 2.4-4 NOTE
r-release-macos-x86_64 2.4-4 NOTE
r-release-windows-ix86+x86_64 2.4-4 525.00 454.00 979.00 NOTE
r-oldrel-macos-x86_64 2.4-4 NOTE
r-oldrel-windows-ix86+x86_64 2.4-4 516.00 448.00 964.00 NOTE

Additional issues

rchk

Check Details

Version: 2.4-4
Check: installed package size
Result: NOTE
     installed size is 29.1Mb
     sub-directories of 1Mb or more:
     libs 28.0Mb
Flavors: r-devel-linux-x86_64-fedora-clang, r-release-macos-arm64, r-release-macos-x86_64, r-release-windows-ix86+x86_64, r-oldrel-macos-x86_64, r-oldrel-windows-ix86+x86_64

Version: 2.4-4
Check: whether package can be installed
Result: ERROR
    Installation failed.
Flavor: r-devel-windows-x86_64-gcc10-UCRT