Last updated on 2023-02-06 00:52:41 CET.
Flavor | Version | Tinstall | Tcheck | Ttotal | Status | Flags |
---|---|---|---|---|---|---|
r-devel-linux-x86_64-debian-clang | 1.0.0 | 55.96 | 223.13 | 279.09 | NOTE | |
r-devel-linux-x86_64-debian-gcc | 1.0.0 | 38.40 | 158.82 | 197.22 | NOTE | |
r-devel-linux-x86_64-fedora-clang | 1.0.0 | 344.96 | NOTE | |||
r-devel-linux-x86_64-fedora-gcc | 1.0.0 | 329.23 | NOTE | |||
r-devel-windows-x86_64 | 1.0.0 | 55.00 | 263.00 | 318.00 | OK | |
r-patched-linux-x86_64 | 1.0.0 | 41.90 | 205.50 | 247.40 | OK | |
r-release-linux-x86_64 | 1.0.0 | 38.68 | 207.69 | 246.37 | OK | |
r-release-macos-arm64 | 1.0.0 | 88.00 | OK | |||
r-release-macos-x86_64 | 1.0.0 | 143.00 | OK | |||
r-release-windows-x86_64 | 1.0.0 | 58.00 | 278.00 | 336.00 | OK | |
r-oldrel-macos-arm64 | 1.0.0 | 84.00 | OK | |||
r-oldrel-macos-x86_64 | 1.0.0 | 115.00 | OK | |||
r-oldrel-windows-ix86+x86_64 | 1.0.0 | 133.00 | 446.00 | 579.00 | OK |
Version: 1.0.0
Check: C++ specification
Result: NOTE
Specified C++11: please update to current default of C++17
Flavors: r-devel-linux-x86_64-debian-clang, r-devel-linux-x86_64-debian-gcc, r-devel-linux-x86_64-fedora-clang, r-devel-linux-x86_64-fedora-gcc