CRAN Package Check Results for Package roll

Last updated on 2024-02-26 08:48:56 CET.

Flavor Version Tinstall Tcheck Ttotal Status Flags
r-devel-linux-x86_64-debian-clang 1.1.6 55.94 32.91 88.85 NOTE
r-devel-linux-x86_64-debian-gcc 1.1.6 49.21 25.55 74.76 NOTE
r-devel-linux-x86_64-fedora-clang 1.1.6 119.98 NOTE
r-devel-linux-x86_64-fedora-gcc 1.1.6 137.06 NOTE
r-devel-windows-x86_64 1.1.6 48.00 75.00 123.00 NOTE
r-patched-linux-x86_64 1.1.6 60.72 32.69 93.41 NOTE
r-release-linux-x86_64 1.1.6 63.88 32.56 96.44 NOTE
r-release-macos-arm64 1.1.6 37.00 NOTE
r-release-macos-x86_64 1.1.6 70.00 NOTE
r-release-windows-x86_64 1.1.6 60.00 80.00 140.00 NOTE
r-oldrel-macos-arm64 1.1.6 38.00 NOTE
r-oldrel-windows-x86_64 1.1.6 58.00 76.00 134.00 NOTE

Check Details

Version: 1.1.6
Check: C++ specification
Result: NOTE Specified C++11: please drop specification unless essential Flavors: r-devel-linux-x86_64-debian-clang, r-devel-linux-x86_64-debian-gcc, r-devel-linux-x86_64-fedora-clang, r-devel-linux-x86_64-fedora-gcc, r-devel-windows-x86_64, r-patched-linux-x86_64, r-release-linux-x86_64, r-release-macos-arm64, r-release-macos-x86_64, r-release-windows-x86_64

Version: 1.1.6
Check: for GNU extensions in Makefiles
Result: NOTE GNU make is a SystemRequirements. Flavors: r-devel-linux-x86_64-debian-clang, r-devel-linux-x86_64-debian-gcc, r-devel-linux-x86_64-fedora-clang, r-devel-linux-x86_64-fedora-gcc, r-devel-windows-x86_64, r-patched-linux-x86_64, r-release-linux-x86_64, r-release-macos-arm64, r-release-macos-x86_64, r-release-windows-x86_64, r-oldrel-macos-arm64, r-oldrel-windows-x86_64

Version: 1.1.6
Check: installed package size
Result: NOTE installed size is 5.7Mb sub-directories of 1Mb or more: libs 5.5Mb Flavors: r-release-macos-arm64, r-release-macos-x86_64, r-oldrel-macos-arm64