CRAN Package Check Results for Package rollinglda

Last updated on 2022-05-22 01:51:37 CEST.

Flavor Version Tinstall Tcheck Ttotal Status Flags
r-devel-linux-x86_64-debian-clang 0.1.1 11.49 181.07 192.56 OK
r-devel-linux-x86_64-debian-gcc 0.1.1 8.62 122.59 131.21 OK
r-devel-linux-x86_64-fedora-clang 0.1.1 219.86 NOTE
r-devel-linux-x86_64-fedora-gcc 0.1.1 206.18 NOTE
r-devel-windows-x86_64 0.1.1 38.00 175.00 213.00 OK
r-patched-linux-x86_64 0.1.1 15.18 158.59 173.77 OK
r-release-linux-x86_64 0.1.1 9.30 157.65 166.95 OK
r-release-macos-arm64 0.1.1 60.00 NOTE
r-release-macos-x86_64 0.1.1 95.00 NOTE
r-release-windows-x86_64 0.1.1 32.00 177.00 209.00 OK
r-oldrel-macos-arm64 0.1.1 60.00 NOTE
r-oldrel-macos-x86_64 0.1.1 77.00 NOTE
r-oldrel-windows-ix86+x86_64 0.1.1 29.00 293.00 322.00 OK

Check Details

Version: 0.1.1
Check: data for non-ASCII characters
Result: NOTE
     Note: found 261 marked UTF-8 strings
Flavors: r-devel-linux-x86_64-fedora-clang, r-devel-linux-x86_64-fedora-gcc, r-release-macos-arm64, r-release-macos-x86_64, r-oldrel-macos-arm64, r-oldrel-macos-x86_64