CRAN Package Check Results for Package rolypoly

Last updated on 2020-02-17 00:49:25 CET.

Flavor Version Tinstall Tcheck Ttotal Status Flags
r-devel-linux-x86_64-debian-clang 0.1.0 5.50 128.27 133.77 OK
r-devel-linux-x86_64-debian-gcc 0.1.0 5.53 139.24 144.77 OK
r-devel-linux-x86_64-fedora-clang 0.1.0 132.59 NOTE
r-devel-linux-x86_64-fedora-gcc 0.1.0 136.30 NOTE
r-devel-windows-ix86+x86_64 0.1.0 15.00 95.00 110.00 OK
r-devel-windows-ix86+x86_64-gcc8 0.1.0 23.00 97.00 120.00 OK
r-patched-linux-x86_64 0.1.0 5.01 114.11 119.12 OK
r-patched-solaris-x86 0.1.0 136.50 NOTE
r-release-linux-x86_64 0.1.0 5.79 124.87 130.66 OK
r-release-windows-ix86+x86_64 0.1.0 12.00 92.00 104.00 OK
r-release-osx-x86_64 0.1.0 NOTE
r-oldrel-windows-ix86+x86_64 0.1.0 7.00 86.00 93.00 OK
r-oldrel-osx-x86_64 0.1.0 NOTE

Check Details

Version: 0.1.0
Check: dependencies in R code
Result: NOTE
    Namespace in Imports field not imported from: ‘matrixcalc’
     All declared Imports should be used.
Flavors: r-devel-linux-x86_64-fedora-clang, r-devel-linux-x86_64-fedora-gcc, r-patched-solaris-x86, r-release-osx-x86_64, r-oldrel-osx-x86_64