CRAN Package Check Results for Package rolypoly

Last updated on 2020-07-08 01:49:39 CEST.

Flavor Version Tinstall Tcheck Ttotal Status Flags
r-devel-linux-x86_64-debian-clang 0.1.0 5.85 127.82 133.67 OK
r-devel-linux-x86_64-debian-gcc 0.1.0 4.93 140.46 145.39 OK
r-devel-linux-x86_64-fedora-clang 0.1.0 134.91 NOTE
r-devel-linux-x86_64-fedora-gcc 0.1.0 172.02 NOTE
r-devel-windows-ix86+x86_64 0.1.0 13.00 99.00 112.00 OK
r-patched-linux-x86_64 0.1.0 6.15 141.56 147.71 OK
r-patched-solaris-x86 0.1.0 145.20 NOTE
r-release-linux-x86_64 0.1.0 5.29 136.35 141.64 OK
r-release-osx-x86_64 0.1.0 NOTE
r-release-windows-ix86+x86_64 0.1.0 15.00 94.00 109.00 OK
r-oldrel-osx-x86_64 0.1.0 NOTE
r-oldrel-windows-ix86+x86_64 0.1.0 21.00 115.00 136.00 OK

Check Details

Version: 0.1.0
Check: dependencies in R code
Result: NOTE
    Namespace in Imports field not imported from: ‘matrixcalc’
     All declared Imports should be used.
Flavors: r-devel-linux-x86_64-fedora-clang, r-devel-linux-x86_64-fedora-gcc, r-patched-solaris-x86, r-release-osx-x86_64, r-oldrel-osx-x86_64