CRAN Package Check Results for Package roots

Last updated on 2022-08-19 02:53:40 CEST.

Flavor Version Tinstall Tcheck Ttotal Status Flags
r-devel-linux-x86_64-debian-clang 1.0 10.83 78.00 88.83 NOTE
r-devel-linux-x86_64-debian-gcc 1.0 8.86 61.25 70.11 NOTE
r-devel-linux-x86_64-fedora-clang 1.0 116.60 NOTE
r-devel-linux-x86_64-fedora-gcc 1.0 114.53 NOTE
r-devel-windows-x86_64 1.0 16.00 104.00 120.00 NOTE
r-patched-linux-x86_64 1.0 9.64 75.03 84.67 NOTE
r-release-linux-x86_64 1.0 NOTE
r-release-macos-arm64 1.0 32.00 NOTE
r-release-macos-x86_64 1.0 47.00 NOTE
r-release-windows-x86_64 1.0 16.00 103.00 119.00 NOTE
r-oldrel-macos-arm64 1.0 35.00 NOTE
r-oldrel-macos-x86_64 1.0 54.00 NOTE
r-oldrel-windows-ix86+x86_64 1.0 19.00 97.00 116.00 NOTE

Check Details

Version: 1.0
Check: LazyData
Result: NOTE
     'LazyData' is specified without a 'data' directory
Flavors: r-devel-linux-x86_64-debian-clang, r-devel-linux-x86_64-debian-gcc, r-devel-linux-x86_64-fedora-clang, r-devel-linux-x86_64-fedora-gcc, r-devel-windows-x86_64, r-patched-linux-x86_64, r-release-linux-x86_64, r-release-macos-arm64, r-release-macos-x86_64, r-release-windows-x86_64, r-oldrel-macos-arm64, r-oldrel-macos-x86_64, r-oldrel-windows-ix86+x86_64