CRAN Package Check Results for Package rosetta

Last updated on 2020-04-08 01:49:09 CEST.

Flavor Version Tinstall Tcheck Ttotal Status Flags
r-devel-linux-x86_64-debian-clang 0.2.0 11.06 72.15 83.21 OK
r-devel-linux-x86_64-debian-gcc 0.2.0 9.15 54.90 64.05 OK
r-devel-linux-x86_64-fedora-clang 0.2.0 96.43 NOTE
r-devel-linux-x86_64-fedora-gcc 0.2.0 95.63 NOTE
r-devel-windows-ix86+x86_64 0.2.0 20.00 131.00 151.00 OK
r-devel-windows-ix86+x86_64-gcc8 0.2.0 23.00 82.00 105.00 OK
r-patched-linux-x86_64 0.2.0 9.08 68.72 77.80 OK
r-patched-solaris-x86 0.2.0 141.00 NOTE
r-release-linux-x86_64 0.2.0 8.70 63.05 71.75 OK
r-release-windows-ix86+x86_64 0.2.0 20.00 117.00 137.00 OK
r-release-osx-x86_64 0.2.0 NOTE
r-oldrel-windows-ix86+x86_64 0.2.0 16.00 85.00 101.00 OK
r-oldrel-osx-x86_64 0.2.0 NOTE

Check Details

Version: 0.2.0
Check: dependencies in R code
Result: NOTE
    Namespaces in Imports field not imported from:
     ‘gridExtra’ ‘methods’
     All declared Imports should be used.
Flavors: r-devel-linux-x86_64-fedora-clang, r-devel-linux-x86_64-fedora-gcc, r-patched-solaris-x86, r-release-osx-x86_64, r-oldrel-osx-x86_64