CRAN Package Check Results for Package rosm

Last updated on 2024-07-22 07:52:27 CEST.

Flavor Version Tinstall Tcheck Ttotal Status Flags
r-devel-linux-x86_64-debian-clang 0.3.0 3.54 50.16 53.70 NOTE
r-devel-linux-x86_64-debian-gcc 0.3.0 3.23 37.25 40.48 NOTE
r-devel-linux-x86_64-fedora-clang 0.3.0 67.36 NOTE
r-devel-linux-x86_64-fedora-gcc 0.3.0 63.42 NOTE
r-devel-windows-x86_64 0.3.0 6.00 57.00 63.00 NOTE
r-patched-linux-x86_64 0.3.0 3.96 48.44 52.40 NOTE
r-release-linux-x86_64 0.3.0 3.52 47.20 50.72 NOTE
r-release-macos-arm64 0.3.0 25.00 NOTE
r-release-macos-x86_64 0.3.0 34.00 NOTE
r-release-windows-x86_64 0.3.0 5.00 55.00 60.00 NOTE
r-oldrel-macos-arm64 0.3.0 26.00 OK
r-oldrel-macos-x86_64 0.3.0 53.00 OK
r-oldrel-windows-x86_64 0.3.0 6.00 63.00 69.00 OK

Check Details

Version: 0.3.0
Check: Rd files
Result: NOTE checkRd: (-1) osm_url_spec.Rd:23: Lost braces; missing escapes or markup? 23 | \item{server_url}{A url using `{x}`, `{y}`, and `{z}` for the x, y, and | ^ checkRd: (-1) osm_url_spec.Rd:23: Lost braces; missing escapes or markup? 23 | \item{server_url}{A url using `{x}`, `{y}`, and `{z}` for the x, y, and | ^ checkRd: (-1) osm_url_spec.Rd:23: Lost braces; missing escapes or markup? 23 | \item{server_url}{A url using `{x}`, `{y}`, and `{z}` for the x, y, and | ^ Flavors: r-devel-linux-x86_64-debian-clang, r-devel-linux-x86_64-debian-gcc, r-devel-linux-x86_64-fedora-clang, r-devel-linux-x86_64-fedora-gcc, r-devel-windows-x86_64, r-patched-linux-x86_64, r-release-linux-x86_64, r-release-macos-arm64, r-release-macos-x86_64, r-release-windows-x86_64