CRAN Package Check Results for Package rotasym

Last updated on 2021-05-07 01:48:54 CEST.

Flavor Version Tinstall Tcheck Ttotal Status Flags
r-devel-linux-x86_64-debian-clang 1.1.0 32.87 35.02 67.89 OK
r-devel-linux-x86_64-debian-gcc 1.1.0 20.07 26.80 46.87 OK
r-devel-linux-x86_64-fedora-clang 1.1.0 92.56 OK
r-devel-linux-x86_64-fedora-gcc 1.1.0 78.76 OK
r-devel-windows-ix86+x86_64 1.1.0 54.00 5.00 59.00 ERROR
r-devel-windows-x86_64-gcc10-UCRT 1.1.0 OK
r-patched-linux-x86_64 1.1.0 25.19 33.42 58.61 OK
r-patched-solaris-x86 1.1.0 91.60 OK
r-release-linux-x86_64 1.1.0 22.41 32.43 54.84 OK
r-release-macos-x86_64 1.1.0 OK
r-release-windows-ix86+x86_64 1.1.0 51.00 61.00 112.00 OK
r-oldrel-macos-x86_64 1.1.0 OK
r-oldrel-windows-ix86+x86_64 1.1.0 61.00 60.00 121.00 OK

Check Details

Version: 1.1.0
Check: whether package can be installed
Result: ERROR
    Installation failed.
    *
Flavor: r-devel-windows-ix86+x86_64