CRAN Package Check Results for Package roxygen2md

Last updated on 2020-05-28 01:53:27 CEST.

Flavor Version Tinstall Tcheck Ttotal Status Flags
r-devel-linux-x86_64-debian-clang 1.0.0 2.85 28.66 31.51 OK
r-devel-linux-x86_64-debian-gcc 1.0.0 2.64 23.05 25.69 OK
r-devel-linux-x86_64-fedora-clang 1.0.0 38.94 NOTE
r-devel-linux-x86_64-fedora-gcc 1.0.0 37.64 NOTE
r-devel-windows-ix86+x86_64 1.0.0 18.00 50.00 68.00 OK
r-patched-linux-x86_64 1.0.0 3.12 28.61 31.73 OK
r-patched-solaris-x86 1.0.0 60.10 NOTE
r-release-linux-x86_64 1.0.0 3.12 28.69 31.81 OK
r-release-osx-x86_64 1.0.0 NOTE
r-release-windows-ix86+x86_64 1.0.0 13.00 53.00 66.00 OK
r-oldrel-osx-x86_64 1.0.0 NOTE
r-oldrel-windows-ix86+x86_64 1.0.0 6.00 43.00 49.00 OK

Check Details

Version: 1.0.0
Check: dependencies in R code
Result: NOTE
    Namespace in Imports field not imported from: ‘withr’
     All declared Imports should be used.
Flavors: r-devel-linux-x86_64-fedora-clang, r-devel-linux-x86_64-fedora-gcc, r-patched-solaris-x86, r-release-osx-x86_64, r-oldrel-osx-x86_64