CRAN Package Check Results for Package rpact

Last updated on 2022-01-28 00:49:07 CET.

Flavor Version Tinstall Tcheck Ttotal Status Flags
r-devel-linux-x86_64-debian-clang 3.2.1 131.29 660.03 791.32 OK
r-devel-linux-x86_64-debian-gcc 3.2.1 112.64 468.84 581.48 OK
r-devel-linux-x86_64-fedora-clang 3.2.1 953.76 NOTE
r-devel-linux-x86_64-fedora-gcc 3.2.1 943.85 OK
r-devel-windows-x86_64-new-UL 3.2.1 525.00 639.00 1164.00 NOTE
r-devel-windows-x86_64-new-TK 3.2.1 OK
r-patched-linux-x86_64 3.2.1 132.62 611.35 743.97 OK
r-release-linux-x86_64 3.2.1 129.12 593.25 722.37 OK
r-release-macos-arm64 3.2.1 NOTE
r-release-macos-x86_64 3.2.1 WARN --as-cran
r-release-windows-ix86+x86_64 3.2.1 277.00 1076.00 1353.00 NOTE
r-oldrel-macos-x86_64 3.2.1 NOTE
r-oldrel-windows-ix86+x86_64 3.2.1 279.00 1105.00 1384.00 NOTE

Check Details

Version: 3.2.1
Check: installed package size
Result: NOTE
     installed size is 8.9Mb
     sub-directories of 1Mb or more:
     R 4.2Mb
     libs 3.8Mb
Flavors: r-devel-linux-x86_64-fedora-clang, r-devel-windows-x86_64-new-UL, r-release-macos-arm64, r-release-windows-ix86+x86_64, r-oldrel-macos-x86_64, r-oldrel-windows-ix86+x86_64

Version: 3.2.1
Flags: --as-cran
Check: CRAN incoming feasibility
Result: WARN
    Maintainer: ‘Friedrich Pahlke <[email protected]>’
    
    Insufficient package version (submitted: 3.2.1, existing: 3.2.1)
    
    Days since last update: 1
Flavor: r-release-macos-x86_64

Version: 3.2.1
Flags: --as-cran
Check: installed package size
Result: NOTE
     installed size is 9.1Mb
     sub-directories of 1Mb or more:
     R 4.2Mb
     libs 4.0Mb
Flavor: r-release-macos-x86_64

Version: 3.2.1
Flags: --as-cran
Check: top-level files
Result: NOTE
    Files ‘README.md’ or ‘NEWS.md’ cannot be checked without ‘pandoc’ being installed.
Flavor: r-release-macos-x86_64

Version: 3.2.1
Flags: --as-cran
Check: for non-standard things in the check directory
Result: NOTE
    Found the following files/directories:
     ‘rpact_options.txt’
Flavor: r-release-macos-x86_64