CRAN Package Check Results for Package rpart.LAD

Last updated on 2022-06-30 01:49:18 CEST.

Flavor Version Tinstall Tcheck Ttotal Status Flags
r-devel-linux-x86_64-debian-clang 0.1.2 23.85 29.66 53.51 NOTE
r-devel-linux-x86_64-debian-gcc 0.1.2 18.78 22.82 41.60 NOTE
r-devel-linux-x86_64-fedora-clang 0.1.2 88.06 NOTE
r-devel-linux-x86_64-fedora-gcc 0.1.2 79.48 NOTE
r-devel-windows-x86_64 0.1.2 26.00 74.00 100.00 NOTE
r-patched-linux-x86_64 0.1.2 20.26 29.18 49.44 NOTE
r-release-linux-x86_64 0.1.2 21.07 29.01 50.08 NOTE
r-release-macos-arm64 0.1.2 22.00 NOTE
r-release-macos-x86_64 0.1.2 32.00 NOTE
r-release-windows-x86_64 0.1.2 30.00 75.00 105.00 NOTE
r-oldrel-macos-arm64 0.1.2 25.00 NOTE
r-oldrel-macos-x86_64 0.1.2 45.00 NOTE
r-oldrel-windows-ix86+x86_64 0.1.2 64.00 79.00 143.00 NOTE

Check Details

Version: 0.1.2
Check: LazyData
Result: NOTE
     'LazyData' is specified without a 'data' directory
Flavors: r-devel-linux-x86_64-debian-clang, r-devel-linux-x86_64-debian-gcc, r-devel-linux-x86_64-fedora-clang, r-devel-linux-x86_64-fedora-gcc, r-devel-windows-x86_64, r-patched-linux-x86_64, r-release-linux-x86_64, r-release-macos-arm64, r-release-macos-x86_64, r-release-windows-x86_64, r-oldrel-macos-arm64, r-oldrel-macos-x86_64, r-oldrel-windows-ix86+x86_64