CRAN Package Check Results for Package rpart

Last updated on 2022-05-26 01:49:44 CEST.

Flavor Version Tinstall Tcheck Ttotal Status Flags
r-devel-linux-x86_64-debian-clang 4.1.16 11.65 79.96 91.61 OK
r-devel-linux-x86_64-debian-gcc 4.1.16 9.18 61.05 70.23 OK
r-devel-linux-x86_64-fedora-clang 4.1.16 118.62 NOTE
r-devel-linux-x86_64-fedora-gcc 4.1.16 101.65 OK
r-devel-windows-x86_64 4.1.16 69.00 126.00 195.00 OK
r-patched-linux-x86_64 4.1.16 8.06 76.36 84.42 OK
r-release-linux-x86_64 4.1.16 OK
r-release-macos-arm64 4.1.16 36.00 OK
r-release-macos-x86_64 4.1.16 57.00 OK
r-release-windows-x86_64 4.1.16 62.00 123.00 185.00 OK
r-oldrel-macos-arm64 4.1.16 54.00 OK
r-oldrel-macos-x86_64 4.1.16 72.00 OK
r-oldrel-windows-ix86+x86_64 4.1.16 42.00 126.00 168.00 OK

Check Details

Version: 4.1.16
Check: Rd cross-references
Result: NOTE
    Undeclared package ‘tree’ in Rd xrefs
Flavor: r-devel-linux-x86_64-fedora-clang