CRAN Package Check Results for Package rpostgisLT

Last updated on 2020-07-04 02:12:34 CEST.

Flavor Version Tinstall Tcheck Ttotal Status Flags
r-devel-linux-x86_64-debian-clang 0.6.0 14.53 109.48 124.01 OK
r-devel-linux-x86_64-debian-gcc 0.6.0 11.16 85.11 96.27 OK
r-devel-linux-x86_64-fedora-clang 0.6.0 155.54 NOTE
r-devel-linux-x86_64-fedora-gcc 0.6.0 146.67 NOTE
r-devel-windows-ix86+x86_64 0.6.0 50.00 114.00 164.00 OK
r-patched-linux-x86_64 0.6.0 9.01 108.31 117.32 OK
r-patched-solaris-x86 0.6.0 210.10 NOTE
r-release-linux-x86_64 0.6.0 9.60 108.70 118.30 OK
r-release-osx-x86_64 0.6.0 NOTE
r-release-windows-ix86+x86_64 0.6.0 30.00 124.00 154.00 OK
r-oldrel-osx-x86_64 0.6.0 NOTE
r-oldrel-windows-ix86+x86_64 0.6.0 45.00 156.00 201.00 OK

Check Details

Version: 0.6.0
Check: dependencies in R code
Result: NOTE
    Namespace in Imports field not imported from: ‘htmltools’
     All declared Imports should be used.
Flavors: r-devel-linux-x86_64-fedora-clang, r-devel-linux-x86_64-fedora-gcc, r-patched-solaris-x86, r-release-osx-x86_64, r-oldrel-osx-x86_64