Last updated on 2023-02-06 00:52:42 CET.
Flavor | Version | Tinstall | Tcheck | Ttotal | Status | Flags |
---|---|---|---|---|---|---|
r-devel-linux-x86_64-debian-clang | 0.1.0 | 3.02 | 45.69 | 48.71 | OK | |
r-devel-linux-x86_64-debian-gcc | 0.1.0 | 3.57 | 35.37 | 38.94 | OK | |
r-devel-linux-x86_64-fedora-clang | 0.1.0 | 63.16 | NOTE | |||
r-devel-linux-x86_64-fedora-gcc | 0.1.0 | 71.09 | OK | |||
r-devel-windows-x86_64 | 0.1.0 | 105.00 | 84.00 | 189.00 | OK | |
r-patched-linux-x86_64 | 0.1.0 | 8.22 | 44.18 | 52.40 | OK | |
r-release-linux-x86_64 | 0.1.0 | 4.46 | 45.72 | 50.18 | OK | |
r-release-macos-arm64 | 0.1.0 | 37.00 | OK | |||
r-release-macos-x86_64 | 0.1.0 | 49.00 | OK | |||
r-release-windows-x86_64 | 0.1.0 | 62.00 | 91.00 | 153.00 | OK | |
r-oldrel-macos-arm64 | 0.1.0 | 37.00 | OK | |||
r-oldrel-macos-x86_64 | 0.1.0 | 48.00 | OK | |||
r-oldrel-windows-ix86+x86_64 | 0.1.0 | 10.00 | 75.00 | 85.00 | OK |
Version: 0.1.0
Check: Rd cross-references
Result: NOTE
Undeclared package ‘htmlwidgets’ in Rd xrefs
Flavor: r-devel-linux-x86_64-fedora-clang