CRAN Package Check Results for Package rprime

Last updated on 2020-04-02 01:53:24 CEST.

Flavor Version Tinstall Tcheck Ttotal Status Flags
r-devel-linux-x86_64-debian-clang 0.1.0 3.12 42.32 45.44 NOTE
r-devel-linux-x86_64-debian-gcc 0.1.0 2.43 33.00 35.43 NOTE
r-devel-linux-x86_64-fedora-clang 0.1.0 54.40 NOTE
r-devel-linux-x86_64-fedora-gcc 0.1.0 54.03 NOTE
r-devel-windows-ix86+x86_64 0.1.0 9.00 57.00 66.00 NOTE
r-devel-windows-ix86+x86_64-gcc8 0.1.0 7.00 62.00 69.00 NOTE
r-patched-linux-x86_64 0.1.0 2.99 41.18 44.17 NOTE
r-patched-solaris-x86 0.1.0 84.20 NOTE
r-release-linux-x86_64 0.1.0 2.64 38.64 41.28 NOTE
r-release-windows-ix86+x86_64 0.1.0 6.00 56.00 62.00 NOTE
r-release-osx-x86_64 0.1.0 NOTE
r-oldrel-windows-ix86+x86_64 0.1.0 6.00 72.00 78.00 NOTE
r-oldrel-osx-x86_64 0.1.0 NOTE

Check Details

Version: 0.1.0
Check: R code for possible problems
Result: NOTE
    but_last: no visible global function definition for 'head'
    first: no visible global function definition for 'head'
    last: no visible global function definition for 'tail'
    preview_frames: no visible global function definition for 'str'
    print.EprimeFrame: no visible global function definition for 'str'
    print.FrameList: no visible global function definition for 'str'
    Undefined global functions or variables:
     head str tail
    Consider adding
     importFrom("utils", "head", "str", "tail")
    to your NAMESPACE file.
Flavors: r-devel-linux-x86_64-debian-clang, r-devel-linux-x86_64-debian-gcc, r-devel-linux-x86_64-fedora-clang, r-devel-linux-x86_64-fedora-gcc, r-devel-windows-ix86+x86_64, r-devel-windows-ix86+x86_64-gcc8, r-patched-linux-x86_64, r-patched-solaris-x86, r-release-linux-x86_64, r-release-windows-ix86+x86_64, r-release-osx-x86_64, r-oldrel-windows-ix86+x86_64, r-oldrel-osx-x86_64