CRAN Package Check Results for Package rrscale

Last updated on 2019-11-14 00:53:11 CET.

Flavor Version Tinstall Tcheck Ttotal Status Flags
r-devel-linux-x86_64-debian-clang 0.1.3 2.95 34.12 37.07 NOTE
r-devel-linux-x86_64-debian-gcc 0.1.3 2.20 25.99 28.19 NOTE
r-devel-linux-x86_64-fedora-clang 0.1.3 43.65 NOTE
r-devel-linux-x86_64-fedora-gcc 0.1.3 43.66 NOTE
r-devel-windows-ix86+x86_64 0.1.3 9.00 46.00 55.00 NOTE
r-patched-linux-x86_64 0.1.3 2.49 32.68 35.17 OK
r-patched-solaris-x86 0.1.3 62.50 NOTE
r-release-linux-x86_64 0.1.3 2.44 32.47 34.91 OK
r-release-windows-ix86+x86_64 0.1.3 8.00 68.00 76.00 OK
r-release-osx-x86_64 0.1.3 NOTE
r-oldrel-windows-ix86+x86_64 0.1.3 4.00 66.00 70.00 OK
r-oldrel-osx-x86_64 0.1.3 NOTE

Check Details

Version: 0.1.3
Check: package vignettes
Result: NOTE
    Package vignette with placeholder title 'Vignette Title':
     'rescaling_data.Rmd'
Flavors: r-devel-linux-x86_64-debian-clang, r-devel-linux-x86_64-debian-gcc, r-devel-windows-ix86+x86_64

Version: 0.1.3
Check: dependencies in R code
Result: NOTE
    Namespace in Imports field not imported from: ‘abind’
     All declared Imports should be used.
Flavors: r-devel-linux-x86_64-fedora-clang, r-devel-linux-x86_64-fedora-gcc, r-patched-solaris-x86, r-release-osx-x86_64, r-oldrel-osx-x86_64