CRAN Package Check Results for Package rrscale

Last updated on 2020-07-12 02:46:56 CEST.

Flavor Version Tinstall Tcheck Ttotal Status Flags
r-devel-linux-x86_64-debian-clang 1.0 3.03 44.63 47.66 OK
r-devel-linux-x86_64-debian-gcc 1.0 1.95 33.45 35.40 OK
r-devel-linux-x86_64-fedora-clang 1.0 62.98 NOTE
r-devel-linux-x86_64-fedora-gcc 1.0 55.74 NOTE
r-devel-windows-ix86+x86_64 1.0 9.00 86.00 95.00 OK
r-patched-linux-x86_64 1.0 2.60 43.93 46.53 OK
r-patched-solaris-x86 1.0 83.30 NOTE
r-release-linux-x86_64 1.0 2.55 43.63 46.18 OK
r-release-macos-x86_64 1.0 NOTE
r-release-windows-ix86+x86_64 1.0 9.00 55.00 64.00 OK
r-oldrel-macos-x86_64 1.0 NOTE
r-oldrel-windows-ix86+x86_64 1.0 8.00 56.00 64.00 OK

Check Details

Version: 1.0
Check: dependencies in R code
Result: NOTE
    Namespace in Imports field not imported from: ‘abind’
     All declared Imports should be used.
Flavors: r-devel-linux-x86_64-fedora-clang, r-devel-linux-x86_64-fedora-gcc, r-patched-solaris-x86, r-release-macos-x86_64, r-oldrel-macos-x86_64