Last updated on 2023-03-23 06:52:33 CET.
Flavor | Version | Tinstall | Tcheck | Ttotal | Status | Flags |
---|---|---|---|---|---|---|
r-devel-linux-x86_64-debian-clang | 0.3.0 | 16.21 | 132.76 | 148.97 | OK | |
r-devel-linux-x86_64-debian-gcc | 0.3.0 | 11.16 | 99.64 | 110.80 | OK | |
r-devel-linux-x86_64-fedora-clang | 0.3.0 | 190.98 | OK | |||
r-devel-linux-x86_64-fedora-gcc | 0.3.0 | 205.36 | OK | |||
r-patched-linux-x86_64 | 0.3.0 | 15.12 | 128.10 | 143.22 | OK | |
r-release-linux-x86_64 | 0.3.0 | 14.53 | 127.91 | 142.44 | OK | |
r-release-macos-arm64 | 0.3.0 | 53.00 | OK | |||
r-release-macos-x86_64 | 0.3.0 | 90.00 | OK | |||
r-release-windows-x86_64 | 0.3.0 | 76.00 | 406.00 | 482.00 | OK | |
r-oldrel-macos-arm64 | 0.3.0 | 54.00 | OK | |||
r-oldrel-macos-x86_64 | 0.3.0 | 74.00 | OK | |||
r-oldrel-windows-ix86+x86_64 | 0.3.0 | 37.00 | 167.00 | 204.00 | NOTE |
Version: 0.3.0
Check: R code for possible problems
Result: NOTE
Initiating curl with CURL_SSL_BACKEND: openssl
Flavor: r-oldrel-windows-ix86+x86_64