CRAN Package Check Results for Package rsample

Last updated on 2020-11-27 00:49:01 CET.

Flavor Version Tinstall Tcheck Ttotal Status Flags
r-devel-linux-x86_64-debian-clang 0.0.8 10.04 183.43 193.47 OK
r-devel-linux-x86_64-debian-gcc 0.0.8 6.48 129.84 136.32 OK
r-devel-linux-x86_64-fedora-clang 0.0.8 216.12 NOTE
r-devel-linux-x86_64-fedora-gcc 0.0.8 209.12 NOTE
r-devel-windows-ix86+x86_64 0.0.8 16.00 153.00 169.00 OK
r-patched-linux-x86_64 0.0.8 9.32 176.55 185.87 OK
r-patched-solaris-x86 0.0.8 273.30 NOTE
r-release-linux-x86_64 0.0.8 8.29 178.21 186.50 OK
r-release-macos-x86_64 0.0.8 NOTE
r-release-windows-ix86+x86_64 0.0.8 16.00 163.00 179.00 OK
r-oldrel-macos-x86_64 0.0.8 NOTE
r-oldrel-windows-ix86+x86_64 0.0.8 11.00 168.00 179.00 OK

Check Details

Version: 0.0.8
Check: dependencies in R code
Result: NOTE
    Namespace in Imports field not imported from: ‘modeldata’
     All declared Imports should be used.
Flavors: r-devel-linux-x86_64-fedora-clang, r-devel-linux-x86_64-fedora-gcc, r-patched-solaris-x86, r-release-macos-x86_64, r-oldrel-macos-x86_64