CRAN Package Check Results for Package rscala

Last updated on 2020-03-29 00:47:32 CET.

Flavor Version Tinstall Tcheck Ttotal Status Flags
r-devel-linux-x86_64-debian-clang 3.2.18 OK
r-devel-linux-x86_64-debian-gcc 3.2.18 18.49 109.38 127.87 OK
r-devel-linux-x86_64-fedora-clang 3.2.18 202.87 OK
r-devel-linux-x86_64-fedora-gcc 3.2.18 185.43 OK
r-devel-windows-ix86+x86_64 3.2.18 19.00 55.00 74.00 OK
r-devel-windows-ix86+x86_64-gcc8 3.2.18 17.00 57.00 74.00 OK
r-patched-linux-x86_64 3.2.18 20.39 143.65 164.04 OK
r-release-linux-x86_64 3.2.18 19.47 136.87 156.34 OK
r-release-windows-ix86+x86_64 3.2.18 33.00 84.00 117.00 OK
r-release-osx-x86_64 3.2.18 NOTE
r-oldrel-windows-ix86+x86_64 3.2.18 19.00 81.00 100.00 OK
r-oldrel-osx-x86_64 3.2.18 NOTE

Check Details

Version: 3.2.18
Check: installed package size
Result: NOTE
     installed size is 21.4Mb
     sub-directories of 1Mb or more:
     dependencies 20.2Mb
Flavors: r-release-osx-x86_64, r-oldrel-osx-x86_64