CRAN Package Check Results for Package rsinaica

Last updated on 2020-04-08 01:49:10 CEST.

Flavor Version Tinstall Tcheck Ttotal Status Flags
r-devel-linux-x86_64-debian-clang 0.6.1 6.16 48.02 54.18 OK
r-devel-linux-x86_64-debian-gcc 0.6.1 4.88 36.10 40.98 OK
r-devel-linux-x86_64-fedora-clang 0.6.1 66.73 NOTE
r-devel-linux-x86_64-fedora-gcc 0.6.1 62.39 NOTE
r-devel-windows-ix86+x86_64 0.6.1 17.00 93.00 110.00 OK
r-devel-windows-ix86+x86_64-gcc8 0.6.1 13.00 60.00 73.00 OK
r-patched-linux-x86_64 0.6.1 5.72 45.72 51.44 OK
r-patched-solaris-x86 0.6.1 104.40 NOTE
r-release-linux-x86_64 0.6.1 4.33 41.83 46.16 OK
r-release-windows-ix86+x86_64 0.6.1 11.00 87.00 98.00 OK
r-release-osx-x86_64 0.6.1 NOTE
r-oldrel-windows-ix86+x86_64 0.6.1 7.00 65.00 72.00 OK
r-oldrel-osx-x86_64 0.6.1 NOTE

Check Details

Version: 0.6.1
Check: data for non-ASCII characters
Result: NOTE
     Note: found 467 marked UTF-8 strings
Flavors: r-devel-linux-x86_64-fedora-clang, r-devel-linux-x86_64-fedora-gcc, r-patched-solaris-x86, r-release-osx-x86_64, r-oldrel-osx-x86_64