Last updated on 2022-05-20 01:51:15 CEST.
Flavor | Version | Tinstall | Tcheck | Ttotal | Status | Flags |
---|---|---|---|---|---|---|
r-devel-linux-x86_64-debian-clang | 0.6.1 | 7.47 | 71.65 | 79.12 | OK | |
r-devel-linux-x86_64-debian-gcc | 0.6.1 | 5.73 | 52.69 | 58.42 | OK | |
r-devel-linux-x86_64-fedora-clang | 0.6.1 | 98.20 | NOTE | |||
r-devel-linux-x86_64-fedora-gcc | 0.6.1 | 88.51 | NOTE | |||
r-devel-windows-x86_64 | 0.6.1 | 19.00 | 95.00 | 114.00 | OK | |
r-patched-linux-x86_64 | 0.6.1 | 6.06 | 66.60 | 72.66 | OK | |
r-release-linux-x86_64 | 0.6.1 | 5.64 | 67.07 | 72.71 | OK | |
r-release-macos-arm64 | 0.6.1 | 28.00 | NOTE | |||
r-release-macos-x86_64 | 0.6.1 | 53.00 | NOTE | |||
r-release-windows-x86_64 | 0.6.1 | 21.00 | 155.00 | 176.00 | OK | |
r-oldrel-macos-arm64 | 0.6.1 | 35.00 | NOTE | |||
r-oldrel-macos-x86_64 | 0.6.1 | 1803.00 | NOTE | |||
r-oldrel-windows-ix86+x86_64 | 0.6.1 | 16.00 | 81.00 | 97.00 | OK |
Version: 0.6.1
Check: data for non-ASCII characters
Result: NOTE
Note: found 467 marked UTF-8 strings
Flavors: r-devel-linux-x86_64-fedora-clang, r-devel-linux-x86_64-fedora-gcc, r-release-macos-arm64, r-release-macos-x86_64, r-oldrel-macos-arm64, r-oldrel-macos-x86_64