CRAN Package Check Results for Package rslp

Last updated on 2021-06-24 01:50:35 CEST.

Flavor Version Tinstall Tcheck Ttotal Status Flags
r-devel-linux-x86_64-debian-clang 0.2.0 2.18 29.04 31.22 NOTE
r-devel-linux-x86_64-debian-gcc 0.2.0 1.67 22.26 23.93 NOTE
r-devel-linux-x86_64-fedora-clang 0.2.0 45.33 NOTE
r-devel-linux-x86_64-fedora-gcc 0.2.0 35.27 NOTE
r-devel-windows-x86_64 0.2.0 3.00 41.00 44.00 NOTE
r-devel-windows-x86_64-gcc10-UCRT 0.2.0 NOTE
r-patched-linux-x86_64 0.2.0 2.25 27.55 29.80 NOTE
r-patched-solaris-x86 0.2.0 54.40 NOTE
r-release-linux-x86_64 0.2.0 2.13 28.00 30.13 NOTE
r-release-macos-arm64 0.2.0 NOTE
r-release-macos-x86_64 0.2.0 NOTE
r-release-windows-ix86+x86_64 0.2.0 5.00 38.00 43.00 NOTE
r-oldrel-macos-x86_64 0.2.0 OK

Check Details

Version: 0.2.0
Check: LazyData
Result: NOTE
     'LazyData' is specified without a 'data' directory
Flavors: r-devel-linux-x86_64-debian-clang, r-devel-linux-x86_64-debian-gcc, r-devel-linux-x86_64-fedora-clang, r-devel-linux-x86_64-fedora-gcc, r-devel-windows-x86_64, r-devel-windows-x86_64-gcc10-UCRT, r-patched-linux-x86_64, r-patched-solaris-x86, r-release-linux-x86_64, r-release-macos-arm64, r-release-macos-x86_64, r-release-windows-ix86+x86_64

Version: 0.2.0
Check: package dependencies
Result: NOTE
    Package suggested but not available for checking: 'covr'
Flavor: r-devel-windows-x86_64-gcc10-UCRT