CRAN Package Check Results for Package rstan

Last updated on 2020-08-13 01:55:19 CEST.

Flavor Version Tinstall Tcheck Ttotal Status Flags
r-devel-linux-x86_64-debian-clang 2.21.2 839.87 464.40 1304.27 NOTE
r-devel-linux-x86_64-debian-gcc 2.21.2 828.64 378.99 1207.63 NOTE
r-devel-linux-x86_64-fedora-clang 2.21.2 1732.63 NOTE
r-devel-linux-x86_64-fedora-gcc 2.21.2 1960.74 NOTE
r-devel-windows-ix86+x86_64 2.21.2 1941.00 657.00 2598.00 NOTE
r-patched-linux-x86_64 2.21.2 838.68 456.30 1294.98 NOTE
r-patched-solaris-x86 2.21.2 1610.90 NOTE
r-release-linux-x86_64 2.21.2 840.24 465.41 1305.65 NOTE
r-release-macos-x86_64 2.21.2 FAIL
r-release-windows-ix86+x86_64 2.21.2 2076.00 667.00 2743.00 NOTE
r-oldrel-macos-x86_64 2.21.2 NOTE
r-oldrel-windows-ix86+x86_64 2.21.2 1591.00 705.00 2296.00 NOTE

Check Details

Version: 2.21.2
Check: for GNU extensions in Makefiles
Result: NOTE
    GNU make is a SystemRequirements.
Flavors: r-devel-linux-x86_64-debian-clang, r-devel-linux-x86_64-debian-gcc, r-devel-linux-x86_64-fedora-clang, r-devel-linux-x86_64-fedora-gcc, r-devel-windows-ix86+x86_64, r-patched-linux-x86_64, r-patched-solaris-x86, r-release-linux-x86_64, r-release-windows-ix86+x86_64, r-oldrel-macos-x86_64, r-oldrel-windows-ix86+x86_64

Version: 2.21.2
Check: installed package size
Result: NOTE
     installed size is 235.9Mb
     sub-directories of 1Mb or more:
     lib 39.8Mb
     libs 193.3Mb
Flavors: r-devel-linux-x86_64-fedora-clang, r-devel-windows-ix86+x86_64, r-patched-solaris-x86, r-release-macos-x86_64, r-release-windows-ix86+x86_64, r-oldrel-macos-x86_64, r-oldrel-windows-ix86+x86_64

Version: 2.21.2
Check: Rd cross-references
Result: NOTE
    Undeclared packages ‘coda’, ‘rstanarm’ in Rd xrefs
Flavor: r-devel-linux-x86_64-fedora-clang

Version: 2.21.2
Check: whether the namespace can be unloaded cleanly
Result: FAIL
Flavor: r-release-macos-x86_64